{"id":3062,"date":"2015-07-01T17:13:38","date_gmt":"2015-07-01T15:13:38","guid":{"rendered":"http:\/\/www.interpeace.org\/?post_type=resource&#038;p=3062"},"modified":"2024-02-12T16:28:18","modified_gmt":"2024-02-12T15:28:18","slug":"entrepreneurial-leadership-for-peace-in-colombia","status":"publish","type":"resource","link":"https:\/\/www.interpeace.org\/fr\/resource\/entrepreneurial-leadership-for-peace-in-colombia\/","title":{"rendered":"Entrepreneurial leadership for peace in Colombia"},"content":{"rendered":"<p>Mar\u00eda Victoria Llorente and \u00c1ngela Rivas from the Fundaci\u00f3n Ideas para la Paz (FIP) share their thoughts on the participation of Colombia\u2019s business sector in the area of peacebuilding.<\/p>","protected":false},"featured_media":4714,"template":"","meta":{"_acf_changed":false,"_editorskit_title_hidden":false,"_editorskit_reading_time":0,"_editorskit_is_block_options_detached":false,"_editorskit_block_options_position":"{}","editor_plus_copied_stylings":"{}","_exactmetrics_skip_tracking":false,"_exactmetrics_sitenote_active":false,"_exactmetrics_sitenote_note":"","_exactmetrics_sitenote_category":0,"_links_to":"","_links_to_target":""},"globales":[],"initiatives":[],"language":[65],"programmes":[83],"programme_resources":[],"resource-type":[499],"resource_theme":[513,533],"videos_vimeo":[],"resources_categories":[],"class_list":["post-3062","resource","type-resource","status-publish","has-post-thumbnail","hentry","language-english","programmes-latin-america","resource-type-journal-of-peacebuilding","resource_theme-business-sector","resource_theme-peacebuilding-and-statebuilding"],"acf":[],"yoast_head":"<!-- This site is optimized with the Yoast SEO Premium plugin v27.4 (Yoast SEO v27.4) - https:\/\/yoast.com\/product\/yoast-seo-premium-wordpress\/ -->\n<title>Entrepreneurial leadership for peace in Colombia - Interpeace<\/title>\n<meta name=\"robots\" content=\"index, follow, max-snippet:-1, max-image-preview:large, max-video-preview:-1\" \/>\n<link rel=\"canonical\" href=\"https:\/\/www.interpeace.org\/fr\/resource\/entrepreneurial-leadership-for-peace-in-colombia\/\" \/>\n<meta property=\"og:locale\" content=\"fr_FR\" \/>\n<meta property=\"og:type\" content=\"article\" \/>\n<meta property=\"og:title\" content=\"Entrepreneurial leadership for peace in Colombia\" \/>\n<meta property=\"og:description\" content=\"Mar\u00eda Victoria Llorente and \u00c1ngela Rivas from the Fundaci\u00f3n Ideas para la Paz (FIP) share their thoughts on the participation of Colombia\u2019s business sector in the area of peacebuilding.\" \/>\n<meta property=\"og:url\" content=\"https:\/\/www.interpeace.org\/fr\/resource\/entrepreneurial-leadership-for-peace-in-colombia\/\" \/>\n<meta property=\"og:site_name\" content=\"Interpeace\" \/>\n<meta property=\"article:publisher\" content=\"https:\/\/www.facebook.com\/Interpeace\" \/>\n<meta property=\"article:modified_time\" content=\"2024-02-12T15:28:18+00:00\" \/>\n<meta property=\"og:image\" content=\"https:\/\/www.interpeace.org\/wp-content\/uploads\/2015\/07\/entrepreneurialleadership.jpg\" \/>\n\t<meta property=\"og:image:width\" content=\"600\" \/>\n\t<meta property=\"og:image:height\" content=\"450\" \/>\n\t<meta property=\"og:image:type\" content=\"image\/jpeg\" \/>\n<meta name=\"twitter:card\" content=\"summary_large_image\" \/>\n<meta name=\"twitter:site\" content=\"@InterpeaceTweet\" \/>\n<script type=\"application\/ld+json\" class=\"yoast-schema-graph\">{\"@context\":\"https:\\\/\\\/schema.org\",\"@graph\":[{\"@type\":\"WebPage\",\"@id\":\"https:\\\/\\\/www.interpeace.org\\\/resource\\\/entrepreneurial-leadership-for-peace-in-colombia\\\/\",\"url\":\"https:\\\/\\\/www.interpeace.org\\\/resource\\\/entrepreneurial-leadership-for-peace-in-colombia\\\/\",\"name\":\"Entrepreneurial leadership for peace in Colombia - Interpeace\",\"isPartOf\":{\"@id\":\"https:\\\/\\\/www.interpeace.org\\\/#website\"},\"primaryImageOfPage\":{\"@id\":\"https:\\\/\\\/www.interpeace.org\\\/resource\\\/entrepreneurial-leadership-for-peace-in-colombia\\\/#primaryimage\"},\"image\":{\"@id\":\"https:\\\/\\\/www.interpeace.org\\\/resource\\\/entrepreneurial-leadership-for-peace-in-colombia\\\/#primaryimage\"},\"thumbnailUrl\":\"https:\\\/\\\/www.interpeace.org\\\/wp-content\\\/uploads\\\/2015\\\/07\\\/entrepreneurialleadership.jpg\",\"datePublished\":\"2015-07-01T15:13:38+00:00\",\"dateModified\":\"2024-02-12T15:28:18+00:00\",\"breadcrumb\":{\"@id\":\"https:\\\/\\\/www.interpeace.org\\\/resource\\\/entrepreneurial-leadership-for-peace-in-colombia\\\/#breadcrumb\"},\"inLanguage\":\"fr-FR\",\"potentialAction\":[{\"@type\":\"ReadAction\",\"target\":[\"https:\\\/\\\/www.interpeace.org\\\/resource\\\/entrepreneurial-leadership-for-peace-in-colombia\\\/\"]}]},{\"@type\":\"ImageObject\",\"inLanguage\":\"fr-FR\",\"@id\":\"https:\\\/\\\/www.interpeace.org\\\/resource\\\/entrepreneurial-leadership-for-peace-in-colombia\\\/#primaryimage\",\"url\":\"https:\\\/\\\/www.interpeace.org\\\/wp-content\\\/uploads\\\/2015\\\/07\\\/entrepreneurialleadership.jpg\",\"contentUrl\":\"https:\\\/\\\/www.interpeace.org\\\/wp-content\\\/uploads\\\/2015\\\/07\\\/entrepreneurialleadership.jpg\",\"width\":600,\"height\":450,\"caption\":\"Photo credit: Diego F. Garcia P \\\/ https:\\\/\\\/www.flickr.com\\\/photos\\\/gogeid Licensed under Creative Commons\"},{\"@type\":\"BreadcrumbList\",\"@id\":\"https:\\\/\\\/www.interpeace.org\\\/resource\\\/entrepreneurial-leadership-for-peace-in-colombia\\\/#breadcrumb\",\"itemListElement\":[{\"@type\":\"ListItem\",\"position\":1,\"name\":\"Home\",\"item\":\"https:\\\/\\\/www.interpeace.org\\\/\"},{\"@type\":\"ListItem\",\"position\":2,\"name\":\"Entrepreneurial leadership for peace in Colombia\"}]},{\"@type\":\"WebSite\",\"@id\":\"https:\\\/\\\/www.interpeace.org\\\/#website\",\"url\":\"https:\\\/\\\/www.interpeace.org\\\/\",\"name\":\"Interpeace\",\"description\":\"Enabling people to build lasting peace since 1994\",\"publisher\":{\"@id\":\"https:\\\/\\\/www.interpeace.org\\\/#organization\"},\"potentialAction\":[{\"@type\":\"SearchAction\",\"target\":{\"@type\":\"EntryPoint\",\"urlTemplate\":\"https:\\\/\\\/www.interpeace.org\\\/?s={search_term_string}\"},\"query-input\":{\"@type\":\"PropertyValueSpecification\",\"valueRequired\":true,\"valueName\":\"search_term_string\"}}],\"inLanguage\":\"fr-FR\"},{\"@type\":\"Organization\",\"@id\":\"https:\\\/\\\/www.interpeace.org\\\/#organization\",\"name\":\"INTERPEACE\",\"url\":\"https:\\\/\\\/www.interpeace.org\\\/\",\"logo\":{\"@type\":\"ImageObject\",\"inLanguage\":\"fr-FR\",\"@id\":\"https:\\\/\\\/www.interpeace.org\\\/#\\\/schema\\\/logo\\\/image\\\/\",\"url\":\"https:\\\/\\\/www.interpeace.org\\\/wp-content\\\/uploads\\\/2019\\\/11\\\/EN-Interpeace-small.png\",\"contentUrl\":\"https:\\\/\\\/www.interpeace.org\\\/wp-content\\\/uploads\\\/2019\\\/11\\\/EN-Interpeace-small.png\",\"width\":111,\"height\":85,\"caption\":\"INTERPEACE\"},\"image\":{\"@id\":\"https:\\\/\\\/www.interpeace.org\\\/#\\\/schema\\\/logo\\\/image\\\/\"},\"sameAs\":[\"https:\\\/\\\/www.facebook.com\\\/Interpeace\",\"https:\\\/\\\/x.com\\\/InterpeaceTweet\",\"https:\\\/\\\/www.instagram.com\\\/interpeace\\\/\"]}]}<\/script>\n<!-- \/ Yoast SEO Premium plugin. -->","yoast_head_json":{"title":"Entrepreneurial leadership for peace in Colombia - Interpeace","robots":{"index":"index","follow":"follow","max-snippet":"max-snippet:-1","max-image-preview":"max-image-preview:large","max-video-preview":"max-video-preview:-1"},"canonical":"https:\/\/www.interpeace.org\/fr\/resource\/entrepreneurial-leadership-for-peace-in-colombia\/","og_locale":"fr_FR","og_type":"article","og_title":"Entrepreneurial leadership for peace in Colombia","og_description":"Mar\u00eda Victoria Llorente and \u00c1ngela Rivas from the Fundaci\u00f3n Ideas para la Paz (FIP) share their thoughts on the participation of Colombia\u2019s business sector in the area of peacebuilding.","og_url":"https:\/\/www.interpeace.org\/fr\/resource\/entrepreneurial-leadership-for-peace-in-colombia\/","og_site_name":"Interpeace","article_publisher":"https:\/\/www.facebook.com\/Interpeace","article_modified_time":"2024-02-12T15:28:18+00:00","og_image":[{"width":600,"height":450,"url":"https:\/\/www.interpeace.org\/wp-content\/uploads\/2015\/07\/entrepreneurialleadership.jpg","type":"image\/jpeg"}],"twitter_card":"summary_large_image","twitter_site":"@InterpeaceTweet","schema":{"@context":"https:\/\/schema.org","@graph":[{"@type":"WebPage","@id":"https:\/\/www.interpeace.org\/resource\/entrepreneurial-leadership-for-peace-in-colombia\/","url":"https:\/\/www.interpeace.org\/resource\/entrepreneurial-leadership-for-peace-in-colombia\/","name":"Entrepreneurial leadership for peace in Colombia - Interpeace","isPartOf":{"@id":"https:\/\/www.interpeace.org\/#website"},"primaryImageOfPage":{"@id":"https:\/\/www.interpeace.org\/resource\/entrepreneurial-leadership-for-peace-in-colombia\/#primaryimage"},"image":{"@id":"https:\/\/www.interpeace.org\/resource\/entrepreneurial-leadership-for-peace-in-colombia\/#primaryimage"},"thumbnailUrl":"https:\/\/www.interpeace.org\/wp-content\/uploads\/2015\/07\/entrepreneurialleadership.jpg","datePublished":"2015-07-01T15:13:38+00:00","dateModified":"2024-02-12T15:28:18+00:00","breadcrumb":{"@id":"https:\/\/www.interpeace.org\/resource\/entrepreneurial-leadership-for-peace-in-colombia\/#breadcrumb"},"inLanguage":"fr-FR","potentialAction":[{"@type":"ReadAction","target":["https:\/\/www.interpeace.org\/resource\/entrepreneurial-leadership-for-peace-in-colombia\/"]}]},{"@type":"ImageObject","inLanguage":"fr-FR","@id":"https:\/\/www.interpeace.org\/resource\/entrepreneurial-leadership-for-peace-in-colombia\/#primaryimage","url":"https:\/\/www.interpeace.org\/wp-content\/uploads\/2015\/07\/entrepreneurialleadership.jpg","contentUrl":"https:\/\/www.interpeace.org\/wp-content\/uploads\/2015\/07\/entrepreneurialleadership.jpg","width":600,"height":450,"caption":"Photo credit: Diego F. Garcia P \/ https:\/\/www.flickr.com\/photos\/gogeid Licensed under Creative Commons"},{"@type":"BreadcrumbList","@id":"https:\/\/www.interpeace.org\/resource\/entrepreneurial-leadership-for-peace-in-colombia\/#breadcrumb","itemListElement":[{"@type":"ListItem","position":1,"name":"Home","item":"https:\/\/www.interpeace.org\/"},{"@type":"ListItem","position":2,"name":"Entrepreneurial leadership for peace in Colombia"}]},{"@type":"WebSite","@id":"https:\/\/www.interpeace.org\/#website","url":"https:\/\/www.interpeace.org\/","name":"Interpeace","description":"Permettre aux gens de construire une paix durable depuis 1994","publisher":{"@id":"https:\/\/www.interpeace.org\/#organization"},"potentialAction":[{"@type":"SearchAction","target":{"@type":"EntryPoint","urlTemplate":"https:\/\/www.interpeace.org\/?s={search_term_string}"},"query-input":{"@type":"PropertyValueSpecification","valueRequired":true,"valueName":"search_term_string"}}],"inLanguage":"fr-FR"},{"@type":"Organization","@id":"https:\/\/www.interpeace.org\/#organization","name":"INTERPEACE","url":"https:\/\/www.interpeace.org\/","logo":{"@type":"ImageObject","inLanguage":"fr-FR","@id":"https:\/\/www.interpeace.org\/#\/schema\/logo\/image\/","url":"https:\/\/www.interpeace.org\/wp-content\/uploads\/2019\/11\/EN-Interpeace-small.png","contentUrl":"https:\/\/www.interpeace.org\/wp-content\/uploads\/2019\/11\/EN-Interpeace-small.png","width":111,"height":85,"caption":"INTERPEACE"},"image":{"@id":"https:\/\/www.interpeace.org\/#\/schema\/logo\/image\/"},"sameAs":["https:\/\/www.facebook.com\/Interpeace","https:\/\/x.com\/InterpeaceTweet","https:\/\/www.instagram.com\/interpeace\/"]}]}},"_links":{"self":[{"href":"https:\/\/www.interpeace.org\/fr\/wp-json\/wp\/v2\/resource\/3062","targetHints":{"allow":["GET"]}}],"collection":[{"href":"https:\/\/www.interpeace.org\/fr\/wp-json\/wp\/v2\/resource"}],"about":[{"href":"https:\/\/www.interpeace.org\/fr\/wp-json\/wp\/v2\/types\/resource"}],"wp:featuredmedia":[{"embeddable":true,"href":"https:\/\/www.interpeace.org\/fr\/wp-json\/wp\/v2\/media\/4714"}],"wp:attachment":[{"href":"https:\/\/www.interpeace.org\/fr\/wp-json\/wp\/v2\/media?parent=3062"}],"wp:term":[{"taxonomy":"globales","embeddable":true,"href":"https:\/\/www.interpeace.org\/fr\/wp-json\/wp\/v2\/globales?post=3062"},{"taxonomy":"initiatives","embeddable":true,"href":"https:\/\/www.interpeace.org\/fr\/wp-json\/wp\/v2\/initiatives?post=3062"},{"taxonomy":"language","embeddable":true,"href":"https:\/\/www.interpeace.org\/fr\/wp-json\/wp\/v2\/language?post=3062"},{"taxonomy":"programmes","embeddable":true,"href":"https:\/\/www.interpeace.org\/fr\/wp-json\/wp\/v2\/programmes?post=3062"},{"taxonomy":"programme_resources","embeddable":true,"href":"https:\/\/www.interpeace.org\/fr\/wp-json\/wp\/v2\/programme_resources?post=3062"},{"taxonomy":"resource-type","embeddable":true,"href":"https:\/\/www.interpeace.org\/fr\/wp-json\/wp\/v2\/resource-type?post=3062"},{"taxonomy":"resource_theme","embeddable":true,"href":"https:\/\/www.interpeace.org\/fr\/wp-json\/wp\/v2\/resource_theme?post=3062"},{"taxonomy":"videos_vimeo","embeddable":true,"href":"https:\/\/www.interpeace.org\/fr\/wp-json\/wp\/v2\/videos_vimeo?post=3062"},{"taxonomy":"resources_categories","embeddable":true,"href":"https:\/\/www.interpeace.org\/fr\/wp-json\/wp\/v2\/resources_categories?post=3062"}],"curies":[{"name":"wp","href":"https:\/\/api.w.org\/{rel}","templated":true}]}}

<p>María Victoria Llorente and Ángela Rivas from the Fundación Ideas para la Paz (FIP) share their thoughts on the participation of Colombia’s business sector in the area of peacebuilding.</p>

<!-- This site is optimized with the Yoast SEO Premium plugin v27.4 (Yoast SEO v27.4) - https://yoast.com/product/yoast-seo-premium-wordpress/ -->
<title>Entrepreneurial leadership for peace in Colombia - Interpeace</title>
<meta name="robots" content="index, follow, max-snippet:-1, max-image-preview:large, max-video-preview:-1" />
<link rel="canonical" href="https://www.interpeace.org/fr/resource/entrepreneurial-leadership-for-peace-in-colombia/" />
<meta property="og:locale" content="fr_FR" />
<meta property="og:type" content="article" />
<meta property="og:title" content="Entrepreneurial leadership for peace in Colombia" />
<meta property="og:description" content="María Victoria Llorente and Ángela Rivas from the Fundación Ideas para la Paz (FIP) share their thoughts on the participation of Colombia’s business sector in the area of peacebuilding." />
<meta property="og:url" content="https://www.interpeace.org/fr/resource/entrepreneurial-leadership-for-peace-in-colombia/" />
<meta property="og:site_name" content="Interpeace" />
<meta property="article:publisher" content="https://www.facebook.com/Interpeace" />
<meta property="article:modified_time" content="2024-02-12T15:28:18+00:00" />
<meta property="og:image" content="https://www.interpeace.org/wp-content/uploads/2015/07/entrepreneurialleadership.jpg" />
	<meta property="og:image:width" content="600" />
	<meta property="og:image:height" content="450" />
	<meta property="og:image:type" content="image/jpeg" />
<meta name="twitter:card" content="summary_large_image" />
<meta name="twitter:site" content="@InterpeaceTweet" />
<script type="application/ld+json" class="yoast-schema-graph">{"@context":"https:\/\/schema.org","@graph":[{"@type":"WebPage","@id":"https:\/\/www.interpeace.org\/resource\/entrepreneurial-leadership-for-peace-in-colombia\/","url":"https:\/\/www.interpeace.org\/resource\/entrepreneurial-leadership-for-peace-in-colombia\/","name":"Entrepreneurial leadership for peace in Colombia - Interpeace","isPartOf":{"@id":"https:\/\/www.interpeace.org\/#website"},"primaryImageOfPage":{"@id":"https:\/\/www.interpeace.org\/resource\/entrepreneurial-leadership-for-peace-in-colombia\/#primaryimage"},"image":{"@id":"https:\/\/www.interpeace.org\/resource\/entrepreneurial-leadership-for-peace-in-colombia\/#primaryimage"},"thumbnailUrl":"https:\/\/www.interpeace.org\/wp-content\/uploads\/2015\/07\/entrepreneurialleadership.jpg","datePublished":"2015-07-01T15:13:38+00:00","dateModified":"2024-02-12T15:28:18+00:00","breadcrumb":{"@id":"https:\/\/www.interpeace.org\/resource\/entrepreneurial-leadership-for-peace-in-colombia\/#breadcrumb"},"inLanguage":"fr-FR","potentialAction":[{"@type":"ReadAction","target":["https:\/\/www.interpeace.org\/resource\/entrepreneurial-leadership-for-peace-in-colombia\/"]}]},{"@type":"ImageObject","inLanguage":"fr-FR","@id":"https:\/\/www.interpeace.org\/resource\/entrepreneurial-leadership-for-peace-in-colombia\/#primaryimage","url":"https:\/\/www.interpeace.org\/wp-content\/uploads\/2015\/07\/entrepreneurialleadership.jpg","contentUrl":"https:\/\/www.interpeace.org\/wp-content\/uploads\/2015\/07\/entrepreneurialleadership.jpg","width":600,"height":450,"caption":"Photo credit: Diego F. Garcia P \/ https:\/\/www.flickr.com\/photos\/gogeid Licensed under Creative Commons"},{"@type":"BreadcrumbList","@id":"https:\/\/www.interpeace.org\/resource\/entrepreneurial-leadership-for-peace-in-colombia\/#breadcrumb","itemListElement":[{"@type":"ListItem","position":1,"name":"Home","item":"https:\/\/www.interpeace.org\/"},{"@type":"ListItem","position":2,"name":"Entrepreneurial leadership for peace in Colombia"}]},{"@type":"WebSite","@id":"https:\/\/www.interpeace.org\/#website","url":"https:\/\/www.interpeace.org\/","name":"Interpeace","description":"Enabling people to build lasting peace since 1994","publisher":{"@id":"https:\/\/www.interpeace.org\/#organization"},"potentialAction":[{"@type":"SearchAction","target":{"@type":"EntryPoint","urlTemplate":"https:\/\/www.interpeace.org\/?s={search_term_string}"},"query-input":{"@type":"PropertyValueSpecification","valueRequired":true,"valueName":"search_term_string"}}],"inLanguage":"fr-FR"},{"@type":"Organization","@id":"https:\/\/www.interpeace.org\/#organization","name":"INTERPEACE","url":"https:\/\/www.interpeace.org\/","logo":{"@type":"ImageObject","inLanguage":"fr-FR","@id":"https:\/\/www.interpeace.org\/#\/schema\/logo\/image\/","url":"https:\/\/www.interpeace.org\/wp-content\/uploads\/2019\/11\/EN-Interpeace-small.png","contentUrl":"https:\/\/www.interpeace.org\/wp-content\/uploads\/2019\/11\/EN-Interpeace-small.png","width":111,"height":85,"caption":"INTERPEACE"},"image":{"@id":"https:\/\/www.interpeace.org\/#\/schema\/logo\/image\/"},"sameAs":["https:\/\/www.facebook.com\/Interpeace","https:\/\/x.com\/InterpeaceTweet","https:\/\/www.instagram.com\/interpeace\/"]}]}</script>
<!-- / Yoast SEO Premium plugin. -->

María Victoria Llorente and Ángela Rivas from the Fundación Ideas para la Paz (FIP) share their thoughts on the participation of Colombia’s business sector in the area of peacebuilding.
