{"id":13467,"date":"2023-03-16T18:25:26","date_gmt":"2023-03-16T17:25:26","guid":{"rendered":"https:\/\/www.interpeace.org\/?post_type=resource&#038;p=13467"},"modified":"2024-02-09T19:49:31","modified_gmt":"2024-02-09T18:49:31","slug":"success-story-1-my-son-is-a-hero","status":"publish","type":"resource","link":"https:\/\/www.interpeace.org\/fr\/resource\/success-story-1-my-son-is-a-hero\/","title":{"rendered":"Mon fils est un h\u00e9ros"},"content":{"rendered":"<p>&nbsp;<\/p>\n<p>L\u2019histoire de Valens Nsanzineza est une source d\u2019inspiration pour de nombreux jeunes. En tant que descendant d\u2019un responsable du g\u00e9nocide de 1994 contre les Tutsi au Rwanda, il vivait constamment dans la honte, la culpabilit\u00e9, le rejet et le traumatisme \u00e0 cause des crimes de son p\u00e8re. Il a trouv\u00e9 gu\u00e9rison et r\u00e9confort apr\u00e8s avoir rejoint volontairement un espace de gu\u00e9rison socioth\u00e9rapeutique communautaire lanc\u00e9 par Interpeace dans le district de Bugesera, \u00e0 l\u2019est du Rwanda. Gr\u00e2ce \u00e0 cela, il a retrouv\u00e9 sa paix int\u00e9rieure et sa confiance. Les dialogues de gu\u00e9rison l'ont encourag\u00e9 \u00e0 prendre l'initiative audacieuse de r\u00e9concilier sa famille et les familles \u00e0 qui son p\u00e8re a fait du tort.<\/p>","protected":false},"featured_media":13468,"template":"","meta":{"_acf_changed":false,"_editorskit_title_hidden":false,"_editorskit_reading_time":0,"_editorskit_is_block_options_detached":false,"_editorskit_block_options_position":"{}","editor_plus_copied_stylings":"{}","_exactmetrics_skip_tracking":false,"_exactmetrics_sitenote_active":false,"_exactmetrics_sitenote_note":"","_exactmetrics_sitenote_category":0,"_links_to":"","_links_to_target":""},"globales":[],"initiatives":[],"language":[65],"programmes":[74],"programme_resources":[],"resource-type":[],"resource_theme":[508],"videos_vimeo":[],"resources_categories":[495],"class_list":["post-13467","resource","type-resource","status-publish","has-post-thumbnail","hentry","language-english","programmes-rwanda","resource_theme-mhpss","resources_categories-impact-stories"],"acf":[],"yoast_head":"<!-- This site is optimized with the Yoast SEO Premium plugin v27.4 (Yoast SEO v27.4) - https:\/\/yoast.com\/product\/yoast-seo-premium-wordpress\/ -->\n<title>My son is a hero - Interpeace<\/title>\n<meta name=\"robots\" content=\"index, follow, max-snippet:-1, max-image-preview:large, max-video-preview:-1\" \/>\n<link rel=\"canonical\" href=\"https:\/\/www.interpeace.org\/fr\/resource\/success-story-1-my-son-is-a-hero\/\" \/>\n<meta property=\"og:locale\" content=\"fr_FR\" \/>\n<meta property=\"og:type\" content=\"article\" \/>\n<meta property=\"og:title\" content=\"My son is a hero\" \/>\n<meta property=\"og:description\" content=\"&nbsp; Valens Nsanzineza\u2019s story is an inspiration to many young people. As the descendent of a perpetrator of the 1994 Genocide against the Tutsi in Rwanda, he used to live in constant shame, guilt, rejection, and trauma because of his father\u2019s crimes. He found healing and solace after voluntarily joining a community-based sociotherapy healing space [&hellip;]\" \/>\n<meta property=\"og:url\" content=\"https:\/\/www.interpeace.org\/fr\/resource\/success-story-1-my-son-is-a-hero\/\" \/>\n<meta property=\"og:site_name\" content=\"Interpeace\" \/>\n<meta property=\"article:publisher\" content=\"https:\/\/www.facebook.com\/Interpeace\" \/>\n<meta property=\"article:modified_time\" content=\"2024-02-09T18:49:31+00:00\" \/>\n<meta property=\"og:image\" content=\"https:\/\/www.interpeace.org\/wp-content\/uploads\/2023\/03\/Rwanda-thumbnail-video-2.jpg\" \/>\n\t<meta property=\"og:image:width\" content=\"1000\" \/>\n\t<meta property=\"og:image:height\" content=\"666\" \/>\n\t<meta property=\"og:image:type\" content=\"image\/jpeg\" \/>\n<meta name=\"twitter:card\" content=\"summary_large_image\" \/>\n<meta name=\"twitter:site\" content=\"@InterpeaceTweet\" \/>\n<meta name=\"twitter:label1\" content=\"Dur\u00e9e de lecture estim\u00e9e\" \/>\n\t<meta name=\"twitter:data1\" content=\"1 minute\" \/>\n<script type=\"application\/ld+json\" class=\"yoast-schema-graph\">{\"@context\":\"https:\\\/\\\/schema.org\",\"@graph\":[{\"@type\":\"WebPage\",\"@id\":\"https:\\\/\\\/www.interpeace.org\\\/fr\\\/resource\\\/success-story-1-my-son-is-a-hero\\\/\",\"url\":\"https:\\\/\\\/www.interpeace.org\\\/fr\\\/resource\\\/success-story-1-my-son-is-a-hero\\\/\",\"name\":\"My son is a hero - Interpeace\",\"isPartOf\":{\"@id\":\"https:\\\/\\\/www.interpeace.org\\\/#website\"},\"primaryImageOfPage\":{\"@id\":\"https:\\\/\\\/www.interpeace.org\\\/fr\\\/resource\\\/success-story-1-my-son-is-a-hero\\\/#primaryimage\"},\"image\":{\"@id\":\"https:\\\/\\\/www.interpeace.org\\\/fr\\\/resource\\\/success-story-1-my-son-is-a-hero\\\/#primaryimage\"},\"thumbnailUrl\":\"https:\\\/\\\/www.interpeace.org\\\/wp-content\\\/uploads\\\/2023\\\/03\\\/Rwanda-thumbnail-video-2.jpg\",\"datePublished\":\"2023-03-16T17:25:26+00:00\",\"dateModified\":\"2024-02-09T18:49:31+00:00\",\"breadcrumb\":{\"@id\":\"https:\\\/\\\/www.interpeace.org\\\/fr\\\/resource\\\/success-story-1-my-son-is-a-hero\\\/#breadcrumb\"},\"inLanguage\":\"fr-FR\",\"potentialAction\":[{\"@type\":\"ReadAction\",\"target\":[\"https:\\\/\\\/www.interpeace.org\\\/fr\\\/resource\\\/success-story-1-my-son-is-a-hero\\\/\"]}]},{\"@type\":\"ImageObject\",\"inLanguage\":\"fr-FR\",\"@id\":\"https:\\\/\\\/www.interpeace.org\\\/fr\\\/resource\\\/success-story-1-my-son-is-a-hero\\\/#primaryimage\",\"url\":\"https:\\\/\\\/www.interpeace.org\\\/wp-content\\\/uploads\\\/2023\\\/03\\\/Rwanda-thumbnail-video-2.jpg\",\"contentUrl\":\"https:\\\/\\\/www.interpeace.org\\\/wp-content\\\/uploads\\\/2023\\\/03\\\/Rwanda-thumbnail-video-2.jpg\",\"width\":1000,\"height\":666},{\"@type\":\"BreadcrumbList\",\"@id\":\"https:\\\/\\\/www.interpeace.org\\\/fr\\\/resource\\\/success-story-1-my-son-is-a-hero\\\/#breadcrumb\",\"itemListElement\":[{\"@type\":\"ListItem\",\"position\":1,\"name\":\"Home\",\"item\":\"https:\\\/\\\/www.interpeace.org\\\/\"},{\"@type\":\"ListItem\",\"position\":2,\"name\":\"My son is a hero\"}]},{\"@type\":\"WebSite\",\"@id\":\"https:\\\/\\\/www.interpeace.org\\\/#website\",\"url\":\"https:\\\/\\\/www.interpeace.org\\\/\",\"name\":\"Interpeace\",\"description\":\"Enabling people to build lasting peace since 1994\",\"publisher\":{\"@id\":\"https:\\\/\\\/www.interpeace.org\\\/#organization\"},\"potentialAction\":[{\"@type\":\"SearchAction\",\"target\":{\"@type\":\"EntryPoint\",\"urlTemplate\":\"https:\\\/\\\/www.interpeace.org\\\/?s={search_term_string}\"},\"query-input\":{\"@type\":\"PropertyValueSpecification\",\"valueRequired\":true,\"valueName\":\"search_term_string\"}}],\"inLanguage\":\"fr-FR\"},{\"@type\":\"Organization\",\"@id\":\"https:\\\/\\\/www.interpeace.org\\\/#organization\",\"name\":\"INTERPEACE\",\"url\":\"https:\\\/\\\/www.interpeace.org\\\/\",\"logo\":{\"@type\":\"ImageObject\",\"inLanguage\":\"fr-FR\",\"@id\":\"https:\\\/\\\/www.interpeace.org\\\/#\\\/schema\\\/logo\\\/image\\\/\",\"url\":\"https:\\\/\\\/www.interpeace.org\\\/wp-content\\\/uploads\\\/2019\\\/11\\\/EN-Interpeace-small.png\",\"contentUrl\":\"https:\\\/\\\/www.interpeace.org\\\/wp-content\\\/uploads\\\/2019\\\/11\\\/EN-Interpeace-small.png\",\"width\":111,\"height\":85,\"caption\":\"INTERPEACE\"},\"image\":{\"@id\":\"https:\\\/\\\/www.interpeace.org\\\/#\\\/schema\\\/logo\\\/image\\\/\"},\"sameAs\":[\"https:\\\/\\\/www.facebook.com\\\/Interpeace\",\"https:\\\/\\\/x.com\\\/InterpeaceTweet\",\"https:\\\/\\\/www.instagram.com\\\/interpeace\\\/\"]}]}<\/script>\n<!-- \/ Yoast SEO Premium plugin. -->","yoast_head_json":{"title":"My son is a hero - Interpeace","robots":{"index":"index","follow":"follow","max-snippet":"max-snippet:-1","max-image-preview":"max-image-preview:large","max-video-preview":"max-video-preview:-1"},"canonical":"https:\/\/www.interpeace.org\/fr\/resource\/success-story-1-my-son-is-a-hero\/","og_locale":"fr_FR","og_type":"article","og_title":"My son is a hero","og_description":"&nbsp; Valens Nsanzineza\u2019s story is an inspiration to many young people. As the descendent of a perpetrator of the 1994 Genocide against the Tutsi in Rwanda, he used to live in constant shame, guilt, rejection, and trauma because of his father\u2019s crimes. He found healing and solace after voluntarily joining a community-based sociotherapy healing space [&hellip;]","og_url":"https:\/\/www.interpeace.org\/fr\/resource\/success-story-1-my-son-is-a-hero\/","og_site_name":"Interpeace","article_publisher":"https:\/\/www.facebook.com\/Interpeace","article_modified_time":"2024-02-09T18:49:31+00:00","og_image":[{"width":1000,"height":666,"url":"https:\/\/www.interpeace.org\/wp-content\/uploads\/2023\/03\/Rwanda-thumbnail-video-2.jpg","type":"image\/jpeg"}],"twitter_card":"summary_large_image","twitter_site":"@InterpeaceTweet","twitter_misc":{"Dur\u00e9e de lecture estim\u00e9e":"1 minute"},"schema":{"@context":"https:\/\/schema.org","@graph":[{"@type":"WebPage","@id":"https:\/\/www.interpeace.org\/fr\/resource\/success-story-1-my-son-is-a-hero\/","url":"https:\/\/www.interpeace.org\/fr\/resource\/success-story-1-my-son-is-a-hero\/","name":"My son is a hero - Interpeace","isPartOf":{"@id":"https:\/\/www.interpeace.org\/#website"},"primaryImageOfPage":{"@id":"https:\/\/www.interpeace.org\/fr\/resource\/success-story-1-my-son-is-a-hero\/#primaryimage"},"image":{"@id":"https:\/\/www.interpeace.org\/fr\/resource\/success-story-1-my-son-is-a-hero\/#primaryimage"},"thumbnailUrl":"https:\/\/www.interpeace.org\/wp-content\/uploads\/2023\/03\/Rwanda-thumbnail-video-2.jpg","datePublished":"2023-03-16T17:25:26+00:00","dateModified":"2024-02-09T18:49:31+00:00","breadcrumb":{"@id":"https:\/\/www.interpeace.org\/fr\/resource\/success-story-1-my-son-is-a-hero\/#breadcrumb"},"inLanguage":"fr-FR","potentialAction":[{"@type":"ReadAction","target":["https:\/\/www.interpeace.org\/fr\/resource\/success-story-1-my-son-is-a-hero\/"]}]},{"@type":"ImageObject","inLanguage":"fr-FR","@id":"https:\/\/www.interpeace.org\/fr\/resource\/success-story-1-my-son-is-a-hero\/#primaryimage","url":"https:\/\/www.interpeace.org\/wp-content\/uploads\/2023\/03\/Rwanda-thumbnail-video-2.jpg","contentUrl":"https:\/\/www.interpeace.org\/wp-content\/uploads\/2023\/03\/Rwanda-thumbnail-video-2.jpg","width":1000,"height":666},{"@type":"BreadcrumbList","@id":"https:\/\/www.interpeace.org\/fr\/resource\/success-story-1-my-son-is-a-hero\/#breadcrumb","itemListElement":[{"@type":"ListItem","position":1,"name":"Home","item":"https:\/\/www.interpeace.org\/"},{"@type":"ListItem","position":2,"name":"My son is a hero"}]},{"@type":"WebSite","@id":"https:\/\/www.interpeace.org\/#website","url":"https:\/\/www.interpeace.org\/","name":"Interpeace","description":"Permettre aux gens de construire une paix durable depuis 1994","publisher":{"@id":"https:\/\/www.interpeace.org\/#organization"},"potentialAction":[{"@type":"SearchAction","target":{"@type":"EntryPoint","urlTemplate":"https:\/\/www.interpeace.org\/?s={search_term_string}"},"query-input":{"@type":"PropertyValueSpecification","valueRequired":true,"valueName":"search_term_string"}}],"inLanguage":"fr-FR"},{"@type":"Organization","@id":"https:\/\/www.interpeace.org\/#organization","name":"INTERPEACE","url":"https:\/\/www.interpeace.org\/","logo":{"@type":"ImageObject","inLanguage":"fr-FR","@id":"https:\/\/www.interpeace.org\/#\/schema\/logo\/image\/","url":"https:\/\/www.interpeace.org\/wp-content\/uploads\/2019\/11\/EN-Interpeace-small.png","contentUrl":"https:\/\/www.interpeace.org\/wp-content\/uploads\/2019\/11\/EN-Interpeace-small.png","width":111,"height":85,"caption":"INTERPEACE"},"image":{"@id":"https:\/\/www.interpeace.org\/#\/schema\/logo\/image\/"},"sameAs":["https:\/\/www.facebook.com\/Interpeace","https:\/\/x.com\/InterpeaceTweet","https:\/\/www.instagram.com\/interpeace\/"]}]}},"_links":{"self":[{"href":"https:\/\/www.interpeace.org\/fr\/wp-json\/wp\/v2\/resource\/13467","targetHints":{"allow":["GET"]}}],"collection":[{"href":"https:\/\/www.interpeace.org\/fr\/wp-json\/wp\/v2\/resource"}],"about":[{"href":"https:\/\/www.interpeace.org\/fr\/wp-json\/wp\/v2\/types\/resource"}],"wp:featuredmedia":[{"embeddable":true,"href":"https:\/\/www.interpeace.org\/fr\/wp-json\/wp\/v2\/media\/13468"}],"wp:attachment":[{"href":"https:\/\/www.interpeace.org\/fr\/wp-json\/wp\/v2\/media?parent=13467"}],"wp:term":[{"taxonomy":"globales","embeddable":true,"href":"https:\/\/www.interpeace.org\/fr\/wp-json\/wp\/v2\/globales?post=13467"},{"taxonomy":"initiatives","embeddable":true,"href":"https:\/\/www.interpeace.org\/fr\/wp-json\/wp\/v2\/initiatives?post=13467"},{"taxonomy":"language","embeddable":true,"href":"https:\/\/www.interpeace.org\/fr\/wp-json\/wp\/v2\/language?post=13467"},{"taxonomy":"programmes","embeddable":true,"href":"https:\/\/www.interpeace.org\/fr\/wp-json\/wp\/v2\/programmes?post=13467"},{"taxonomy":"programme_resources","embeddable":true,"href":"https:\/\/www.interpeace.org\/fr\/wp-json\/wp\/v2\/programme_resources?post=13467"},{"taxonomy":"resource-type","embeddable":true,"href":"https:\/\/www.interpeace.org\/fr\/wp-json\/wp\/v2\/resource-type?post=13467"},{"taxonomy":"resource_theme","embeddable":true,"href":"https:\/\/www.interpeace.org\/fr\/wp-json\/wp\/v2\/resource_theme?post=13467"},{"taxonomy":"videos_vimeo","embeddable":true,"href":"https:\/\/www.interpeace.org\/fr\/wp-json\/wp\/v2\/videos_vimeo?post=13467"},{"taxonomy":"resources_categories","embeddable":true,"href":"https:\/\/www.interpeace.org\/fr\/wp-json\/wp\/v2\/resources_categories?post=13467"}],"curies":[{"name":"wp","href":"https:\/\/api.w.org\/{rel}","templated":true}]}}

Mon fils est un héros

<p>&nbsp;</p>
<p>L’histoire de Valens Nsanzineza est une source d’inspiration pour de nombreux jeunes. En tant que descendant d’un responsable du génocide de 1994 contre les Tutsi au Rwanda, il vivait constamment dans la honte, la culpabilité, le rejet et le traumatisme à cause des crimes de son père. Il a trouvé guérison et réconfort après avoir rejoint volontairement un espace de guérison sociothérapeutique communautaire lancé par Interpeace dans le district de Bugesera, à l’est du Rwanda. Grâce à cela, il a retrouvé sa paix intérieure et sa confiance. Les dialogues de guérison l'ont encouragé à prendre l'initiative audacieuse de réconcilier sa famille et les familles à qui son père a fait du tort.</p>

<!-- This site is optimized with the Yoast SEO Premium plugin v27.4 (Yoast SEO v27.4) - https://yoast.com/product/yoast-seo-premium-wordpress/ -->
<title>My son is a hero - Interpeace</title>
<meta name="robots" content="index, follow, max-snippet:-1, max-image-preview:large, max-video-preview:-1" />
<link rel="canonical" href="https://www.interpeace.org/fr/resource/success-story-1-my-son-is-a-hero/" />
<meta property="og:locale" content="fr_FR" />
<meta property="og:type" content="article" />
<meta property="og:title" content="My son is a hero" />
<meta property="og:description" content="&nbsp; Valens Nsanzineza’s story is an inspiration to many young people. As the descendent of a perpetrator of the 1994 Genocide against the Tutsi in Rwanda, he used to live in constant shame, guilt, rejection, and trauma because of his father’s crimes. He found healing and solace after voluntarily joining a community-based sociotherapy healing space [&hellip;]" />
<meta property="og:url" content="https://www.interpeace.org/fr/resource/success-story-1-my-son-is-a-hero/" />
<meta property="og:site_name" content="Interpeace" />
<meta property="article:publisher" content="https://www.facebook.com/Interpeace" />
<meta property="article:modified_time" content="2024-02-09T18:49:31+00:00" />
<meta property="og:image" content="https://www.interpeace.org/wp-content/uploads/2023/03/Rwanda-thumbnail-video-2.jpg" />
	<meta property="og:image:width" content="1000" />
	<meta property="og:image:height" content="666" />
	<meta property="og:image:type" content="image/jpeg" />
<meta name="twitter:card" content="summary_large_image" />
<meta name="twitter:site" content="@InterpeaceTweet" />
<meta name="twitter:label1" content="Durée de lecture estimée" />
	<meta name="twitter:data1" content="1 minute" />
<script type="application/ld+json" class="yoast-schema-graph">{"@context":"https:\/\/schema.org","@graph":[{"@type":"WebPage","@id":"https:\/\/www.interpeace.org\/fr\/resource\/success-story-1-my-son-is-a-hero\/","url":"https:\/\/www.interpeace.org\/fr\/resource\/success-story-1-my-son-is-a-hero\/","name":"My son is a hero - Interpeace","isPartOf":{"@id":"https:\/\/www.interpeace.org\/#website"},"primaryImageOfPage":{"@id":"https:\/\/www.interpeace.org\/fr\/resource\/success-story-1-my-son-is-a-hero\/#primaryimage"},"image":{"@id":"https:\/\/www.interpeace.org\/fr\/resource\/success-story-1-my-son-is-a-hero\/#primaryimage"},"thumbnailUrl":"https:\/\/www.interpeace.org\/wp-content\/uploads\/2023\/03\/Rwanda-thumbnail-video-2.jpg","datePublished":"2023-03-16T17:25:26+00:00","dateModified":"2024-02-09T18:49:31+00:00","breadcrumb":{"@id":"https:\/\/www.interpeace.org\/fr\/resource\/success-story-1-my-son-is-a-hero\/#breadcrumb"},"inLanguage":"fr-FR","potentialAction":[{"@type":"ReadAction","target":["https:\/\/www.interpeace.org\/fr\/resource\/success-story-1-my-son-is-a-hero\/"]}]},{"@type":"ImageObject","inLanguage":"fr-FR","@id":"https:\/\/www.interpeace.org\/fr\/resource\/success-story-1-my-son-is-a-hero\/#primaryimage","url":"https:\/\/www.interpeace.org\/wp-content\/uploads\/2023\/03\/Rwanda-thumbnail-video-2.jpg","contentUrl":"https:\/\/www.interpeace.org\/wp-content\/uploads\/2023\/03\/Rwanda-thumbnail-video-2.jpg","width":1000,"height":666},{"@type":"BreadcrumbList","@id":"https:\/\/www.interpeace.org\/fr\/resource\/success-story-1-my-son-is-a-hero\/#breadcrumb","itemListElement":[{"@type":"ListItem","position":1,"name":"Home","item":"https:\/\/www.interpeace.org\/"},{"@type":"ListItem","position":2,"name":"My son is a hero"}]},{"@type":"WebSite","@id":"https:\/\/www.interpeace.org\/#website","url":"https:\/\/www.interpeace.org\/","name":"Interpeace","description":"Enabling people to build lasting peace since 1994","publisher":{"@id":"https:\/\/www.interpeace.org\/#organization"},"potentialAction":[{"@type":"SearchAction","target":{"@type":"EntryPoint","urlTemplate":"https:\/\/www.interpeace.org\/?s={search_term_string}"},"query-input":{"@type":"PropertyValueSpecification","valueRequired":true,"valueName":"search_term_string"}}],"inLanguage":"fr-FR"},{"@type":"Organization","@id":"https:\/\/www.interpeace.org\/#organization","name":"INTERPEACE","url":"https:\/\/www.interpeace.org\/","logo":{"@type":"ImageObject","inLanguage":"fr-FR","@id":"https:\/\/www.interpeace.org\/#\/schema\/logo\/image\/","url":"https:\/\/www.interpeace.org\/wp-content\/uploads\/2019\/11\/EN-Interpeace-small.png","contentUrl":"https:\/\/www.interpeace.org\/wp-content\/uploads\/2019\/11\/EN-Interpeace-small.png","width":111,"height":85,"caption":"INTERPEACE"},"image":{"@id":"https:\/\/www.interpeace.org\/#\/schema\/logo\/image\/"},"sameAs":["https:\/\/www.facebook.com\/Interpeace","https:\/\/x.com\/InterpeaceTweet","https:\/\/www.instagram.com\/interpeace\/"]}]}</script>
<!-- / Yoast SEO Premium plugin. -->
