{"id":3332,"date":"2015-07-07T11:00:54","date_gmt":"2015-07-07T09:00:54","guid":{"rendered":"http:\/\/www.interpeace.org\/?page_id=3332"},"modified":"2025-02-21T18:23:34","modified_gmt":"2025-02-21T17:23:34","slug":"media","status":"publish","type":"page","link":"https:\/\/www.interpeace.org\/fr\/news-and-press\/media\/","title":{"rendered":"M\u00e9dias"},"content":{"rendered":"<p>Dans cette section, vous trouverez les derniers communiqu\u00e9s de presse, des avis aux m\u00e9dias et des kits m\u00e9dias connexes. Nous mettons \u00e9galement \u00e0 votre disposition une s\u00e9lection de photos et de logos \u00e0 t\u00e9l\u00e9charger qui illustrent notre travail.<\/p>\n<h2>Contacts M\u00e9dias<\/h2>\n<p>&nbsp;<\/p>\n<p><strong>Luvini Ranasinghe<\/strong><br \/>\nHead of Global Engagement &amp; Secretariat<\/p>\n<p><strong>Geneva, Switzerland\u00a0<\/strong><\/p>\n<p>T +41 22 404 59 21<br \/>\nM +41 79 475 64 95<br \/>\nranasinghe@interpeace.org<\/p>\n<p>&nbsp;<\/p>\n<p>&nbsp;<\/p>\n<p>&nbsp;<\/p>","protected":false},"excerpt":{"rendered":"<p>On this section you will find latest press releases, media advisories and\u00a0related media kits. We are also providing a selection of photos and logos for download that illustrate our work. Media Contacts &nbsp; Luvini Ranasinghe Head of Global Engagement &amp; Secretariat Geneva, Switzerland\u00a0 T +41 22 404 59 21 M +41 79 475 64 95 [&hellip;]<\/p>\n","protected":false},"author":1,"featured_media":0,"parent":3127,"menu_order":243,"comment_status":"closed","ping_status":"closed","template":"","meta":{"_acf_changed":false,"_editorskit_title_hidden":false,"_editorskit_reading_time":0,"_editorskit_is_block_options_detached":false,"_editorskit_block_options_position":"{}","editor_plus_copied_stylings":"{}","_exactmetrics_skip_tracking":false,"_exactmetrics_sitenote_active":false,"_exactmetrics_sitenote_note":"","_exactmetrics_sitenote_category":0,"footnotes":"","_links_to":"","_links_to_target":""},"categories":[],"tags":[],"class_list":["post-3332","page","type-page","status-publish","hentry"],"acf":[],"yoast_head":"<!-- This site is optimized with the Yoast SEO Premium plugin v27.4 (Yoast SEO v27.4) - https:\/\/yoast.com\/product\/yoast-seo-premium-wordpress\/ -->\n<title>Media - Interpeace<\/title>\n<meta name=\"robots\" content=\"index, follow, max-snippet:-1, max-image-preview:large, max-video-preview:-1\" \/>\n<link rel=\"canonical\" href=\"https:\/\/www.interpeace.org\/fr\/news-and-press\/media\/\" \/>\n<meta property=\"og:locale\" content=\"fr_FR\" \/>\n<meta property=\"og:type\" content=\"article\" \/>\n<meta property=\"og:title\" content=\"Media\" \/>\n<meta property=\"og:description\" content=\"On this section you will find latest press releases, media advisories and\u00a0related media kits. We are also providing a selection of photos and logos for download that illustrate our work. Media Contacts &nbsp; Luvini Ranasinghe Head of Global Engagement &amp; Secretariat Geneva, Switzerland\u00a0 T +41 22 404 59 21 M +41 79 475 64 95 [&hellip;]\" \/>\n<meta property=\"og:url\" content=\"https:\/\/www.interpeace.org\/fr\/news-and-press\/media\/\" \/>\n<meta property=\"og:site_name\" content=\"Interpeace\" \/>\n<meta property=\"article:publisher\" content=\"https:\/\/www.facebook.com\/Interpeace\" \/>\n<meta property=\"article:modified_time\" content=\"2025-02-21T17:23:34+00:00\" \/>\n<meta name=\"twitter:card\" content=\"summary_large_image\" \/>\n<meta name=\"twitter:site\" content=\"@InterpeaceTweet\" \/>\n<meta name=\"twitter:label1\" content=\"Dur\u00e9e de lecture estim\u00e9e\" \/>\n\t<meta name=\"twitter:data1\" content=\"2 minutes\" \/>\n<script type=\"application\/ld+json\" class=\"yoast-schema-graph\">{\"@context\":\"https:\\\/\\\/schema.org\",\"@graph\":[{\"@type\":\"WebPage\",\"@id\":\"https:\\\/\\\/www.interpeace.org\\\/news-and-press\\\/media\\\/\",\"url\":\"https:\\\/\\\/www.interpeace.org\\\/news-and-press\\\/media\\\/\",\"name\":\"Media - Interpeace\",\"isPartOf\":{\"@id\":\"https:\\\/\\\/www.interpeace.org\\\/#website\"},\"datePublished\":\"2015-07-07T09:00:54+00:00\",\"dateModified\":\"2025-02-21T17:23:34+00:00\",\"breadcrumb\":{\"@id\":\"https:\\\/\\\/www.interpeace.org\\\/news-and-press\\\/media\\\/#breadcrumb\"},\"inLanguage\":\"fr-FR\",\"potentialAction\":[{\"@type\":\"ReadAction\",\"target\":[\"https:\\\/\\\/www.interpeace.org\\\/news-and-press\\\/media\\\/\"]}]},{\"@type\":\"BreadcrumbList\",\"@id\":\"https:\\\/\\\/www.interpeace.org\\\/news-and-press\\\/media\\\/#breadcrumb\",\"itemListElement\":[{\"@type\":\"ListItem\",\"position\":1,\"name\":\"Home\",\"item\":\"https:\\\/\\\/www.interpeace.org\\\/\"},{\"@type\":\"ListItem\",\"position\":2,\"name\":\"News &#038; Press\",\"item\":\"https:\\\/\\\/www.interpeace.org\\\/news-and-press\\\/\"},{\"@type\":\"ListItem\",\"position\":3,\"name\":\"Media\"}]},{\"@type\":\"WebSite\",\"@id\":\"https:\\\/\\\/www.interpeace.org\\\/#website\",\"url\":\"https:\\\/\\\/www.interpeace.org\\\/\",\"name\":\"Interpeace\",\"description\":\"Enabling people to build lasting peace since 1994\",\"publisher\":{\"@id\":\"https:\\\/\\\/www.interpeace.org\\\/#organization\"},\"potentialAction\":[{\"@type\":\"SearchAction\",\"target\":{\"@type\":\"EntryPoint\",\"urlTemplate\":\"https:\\\/\\\/www.interpeace.org\\\/?s={search_term_string}\"},\"query-input\":{\"@type\":\"PropertyValueSpecification\",\"valueRequired\":true,\"valueName\":\"search_term_string\"}}],\"inLanguage\":\"fr-FR\"},{\"@type\":\"Organization\",\"@id\":\"https:\\\/\\\/www.interpeace.org\\\/#organization\",\"name\":\"INTERPEACE\",\"url\":\"https:\\\/\\\/www.interpeace.org\\\/\",\"logo\":{\"@type\":\"ImageObject\",\"inLanguage\":\"fr-FR\",\"@id\":\"https:\\\/\\\/www.interpeace.org\\\/#\\\/schema\\\/logo\\\/image\\\/\",\"url\":\"https:\\\/\\\/www.interpeace.org\\\/wp-content\\\/uploads\\\/2019\\\/11\\\/EN-Interpeace-small.png\",\"contentUrl\":\"https:\\\/\\\/www.interpeace.org\\\/wp-content\\\/uploads\\\/2019\\\/11\\\/EN-Interpeace-small.png\",\"width\":111,\"height\":85,\"caption\":\"INTERPEACE\"},\"image\":{\"@id\":\"https:\\\/\\\/www.interpeace.org\\\/#\\\/schema\\\/logo\\\/image\\\/\"},\"sameAs\":[\"https:\\\/\\\/www.facebook.com\\\/Interpeace\",\"https:\\\/\\\/x.com\\\/InterpeaceTweet\",\"https:\\\/\\\/www.instagram.com\\\/interpeace\\\/\"]}]}<\/script>\n<!-- \/ Yoast SEO Premium plugin. -->","yoast_head_json":{"title":"Media - Interpeace","robots":{"index":"index","follow":"follow","max-snippet":"max-snippet:-1","max-image-preview":"max-image-preview:large","max-video-preview":"max-video-preview:-1"},"canonical":"https:\/\/www.interpeace.org\/fr\/news-and-press\/media\/","og_locale":"fr_FR","og_type":"article","og_title":"Media","og_description":"On this section you will find latest press releases, media advisories and\u00a0related media kits. We are also providing a selection of photos and logos for download that illustrate our work. Media Contacts &nbsp; Luvini Ranasinghe Head of Global Engagement &amp; Secretariat Geneva, Switzerland\u00a0 T +41 22 404 59 21 M +41 79 475 64 95 [&hellip;]","og_url":"https:\/\/www.interpeace.org\/fr\/news-and-press\/media\/","og_site_name":"Interpeace","article_publisher":"https:\/\/www.facebook.com\/Interpeace","article_modified_time":"2025-02-21T17:23:34+00:00","twitter_card":"summary_large_image","twitter_site":"@InterpeaceTweet","twitter_misc":{"Dur\u00e9e de lecture estim\u00e9e":"2 minutes"},"schema":{"@context":"https:\/\/schema.org","@graph":[{"@type":"WebPage","@id":"https:\/\/www.interpeace.org\/news-and-press\/media\/","url":"https:\/\/www.interpeace.org\/news-and-press\/media\/","name":"Media - Interpeace","isPartOf":{"@id":"https:\/\/www.interpeace.org\/#website"},"datePublished":"2015-07-07T09:00:54+00:00","dateModified":"2025-02-21T17:23:34+00:00","breadcrumb":{"@id":"https:\/\/www.interpeace.org\/news-and-press\/media\/#breadcrumb"},"inLanguage":"fr-FR","potentialAction":[{"@type":"ReadAction","target":["https:\/\/www.interpeace.org\/news-and-press\/media\/"]}]},{"@type":"BreadcrumbList","@id":"https:\/\/www.interpeace.org\/news-and-press\/media\/#breadcrumb","itemListElement":[{"@type":"ListItem","position":1,"name":"Home","item":"https:\/\/www.interpeace.org\/"},{"@type":"ListItem","position":2,"name":"News &#038; Press","item":"https:\/\/www.interpeace.org\/news-and-press\/"},{"@type":"ListItem","position":3,"name":"Media"}]},{"@type":"WebSite","@id":"https:\/\/www.interpeace.org\/#website","url":"https:\/\/www.interpeace.org\/","name":"Interpeace","description":"Permettre aux gens de construire une paix durable depuis 1994","publisher":{"@id":"https:\/\/www.interpeace.org\/#organization"},"potentialAction":[{"@type":"SearchAction","target":{"@type":"EntryPoint","urlTemplate":"https:\/\/www.interpeace.org\/?s={search_term_string}"},"query-input":{"@type":"PropertyValueSpecification","valueRequired":true,"valueName":"search_term_string"}}],"inLanguage":"fr-FR"},{"@type":"Organization","@id":"https:\/\/www.interpeace.org\/#organization","name":"INTERPEACE","url":"https:\/\/www.interpeace.org\/","logo":{"@type":"ImageObject","inLanguage":"fr-FR","@id":"https:\/\/www.interpeace.org\/#\/schema\/logo\/image\/","url":"https:\/\/www.interpeace.org\/wp-content\/uploads\/2019\/11\/EN-Interpeace-small.png","contentUrl":"https:\/\/www.interpeace.org\/wp-content\/uploads\/2019\/11\/EN-Interpeace-small.png","width":111,"height":85,"caption":"INTERPEACE"},"image":{"@id":"https:\/\/www.interpeace.org\/#\/schema\/logo\/image\/"},"sameAs":["https:\/\/www.facebook.com\/Interpeace","https:\/\/x.com\/InterpeaceTweet","https:\/\/www.instagram.com\/interpeace\/"]}]}},"_links":{"self":[{"href":"https:\/\/www.interpeace.org\/fr\/wp-json\/wp\/v2\/pages\/3332","targetHints":{"allow":["GET"]}}],"collection":[{"href":"https:\/\/www.interpeace.org\/fr\/wp-json\/wp\/v2\/pages"}],"about":[{"href":"https:\/\/www.interpeace.org\/fr\/wp-json\/wp\/v2\/types\/page"}],"author":[{"embeddable":true,"href":"https:\/\/www.interpeace.org\/fr\/wp-json\/wp\/v2\/users\/1"}],"replies":[{"embeddable":true,"href":"https:\/\/www.interpeace.org\/fr\/wp-json\/wp\/v2\/comments?post=3332"}],"version-history":[{"count":0,"href":"https:\/\/www.interpeace.org\/fr\/wp-json\/wp\/v2\/pages\/3332\/revisions"}],"up":[{"embeddable":true,"href":"https:\/\/www.interpeace.org\/fr\/wp-json\/wp\/v2\/pages\/3127"}],"wp:attachment":[{"href":"https:\/\/www.interpeace.org\/fr\/wp-json\/wp\/v2\/media?parent=3332"}],"wp:term":[{"taxonomy":"category","embeddable":true,"href":"https:\/\/www.interpeace.org\/fr\/wp-json\/wp\/v2\/categories?post=3332"},{"taxonomy":"post_tag","embeddable":true,"href":"https:\/\/www.interpeace.org\/fr\/wp-json\/wp\/v2\/tags?post=3332"}],"curies":[{"name":"wp","href":"https:\/\/api.w.org\/{rel}","templated":true}]}}

Médias

<p>Dans cette section, vous trouverez les derniers communiqués de presse, des avis aux médias et des kits médias connexes. Nous mettons également à votre disposition une sélection de photos et de logos à télécharger qui illustrent notre travail.</p>
<h2>Contacts Médias</h2>
<p>&nbsp;</p>
<p><strong>Luvini Ranasinghe</strong><br />
Head of Global Engagement &amp; Secretariat</p>
<p><strong>Geneva, Switzerland </strong></p>
<p>T +41 22 404 59 21<br />
M +41 79 475 64 95<br />
ranasinghe@interpeace.org</p>
<p>&nbsp;</p>
<p>&nbsp;</p>
<p>&nbsp;</p>

<!-- This site is optimized with the Yoast SEO Premium plugin v27.4 (Yoast SEO v27.4) - https://yoast.com/product/yoast-seo-premium-wordpress/ -->
<title>Media - Interpeace</title>
<meta name="robots" content="index, follow, max-snippet:-1, max-image-preview:large, max-video-preview:-1" />
<link rel="canonical" href="https://www.interpeace.org/fr/news-and-press/media/" />
<meta property="og:locale" content="fr_FR" />
<meta property="og:type" content="article" />
<meta property="og:title" content="Media" />
<meta property="og:description" content="On this section you will find latest press releases, media advisories and related media kits. We are also providing a selection of photos and logos for download that illustrate our work. Media Contacts &nbsp; Luvini Ranasinghe Head of Global Engagement &amp; Secretariat Geneva, Switzerland  T +41 22 404 59 21 M +41 79 475 64 95 [&hellip;]" />
<meta property="og:url" content="https://www.interpeace.org/fr/news-and-press/media/" />
<meta property="og:site_name" content="Interpeace" />
<meta property="article:publisher" content="https://www.facebook.com/Interpeace" />
<meta property="article:modified_time" content="2025-02-21T17:23:34+00:00" />
<meta name="twitter:card" content="summary_large_image" />
<meta name="twitter:site" content="@InterpeaceTweet" />
<meta name="twitter:label1" content="Durée de lecture estimée" />
	<meta name="twitter:data1" content="2 minutes" />
<script type="application/ld+json" class="yoast-schema-graph">{"@context":"https:\/\/schema.org","@graph":[{"@type":"WebPage","@id":"https:\/\/www.interpeace.org\/news-and-press\/media\/","url":"https:\/\/www.interpeace.org\/news-and-press\/media\/","name":"Media - Interpeace","isPartOf":{"@id":"https:\/\/www.interpeace.org\/#website"},"datePublished":"2015-07-07T09:00:54+00:00","dateModified":"2025-02-21T17:23:34+00:00","breadcrumb":{"@id":"https:\/\/www.interpeace.org\/news-and-press\/media\/#breadcrumb"},"inLanguage":"fr-FR","potentialAction":[{"@type":"ReadAction","target":["https:\/\/www.interpeace.org\/news-and-press\/media\/"]}]},{"@type":"BreadcrumbList","@id":"https:\/\/www.interpeace.org\/news-and-press\/media\/#breadcrumb","itemListElement":[{"@type":"ListItem","position":1,"name":"Home","item":"https:\/\/www.interpeace.org\/"},{"@type":"ListItem","position":2,"name":"News &#038; Press","item":"https:\/\/www.interpeace.org\/news-and-press\/"},{"@type":"ListItem","position":3,"name":"Media"}]},{"@type":"WebSite","@id":"https:\/\/www.interpeace.org\/#website","url":"https:\/\/www.interpeace.org\/","name":"Interpeace","description":"Enabling people to build lasting peace since 1994","publisher":{"@id":"https:\/\/www.interpeace.org\/#organization"},"potentialAction":[{"@type":"SearchAction","target":{"@type":"EntryPoint","urlTemplate":"https:\/\/www.interpeace.org\/?s={search_term_string}"},"query-input":{"@type":"PropertyValueSpecification","valueRequired":true,"valueName":"search_term_string"}}],"inLanguage":"fr-FR"},{"@type":"Organization","@id":"https:\/\/www.interpeace.org\/#organization","name":"INTERPEACE","url":"https:\/\/www.interpeace.org\/","logo":{"@type":"ImageObject","inLanguage":"fr-FR","@id":"https:\/\/www.interpeace.org\/#\/schema\/logo\/image\/","url":"https:\/\/www.interpeace.org\/wp-content\/uploads\/2019\/11\/EN-Interpeace-small.png","contentUrl":"https:\/\/www.interpeace.org\/wp-content\/uploads\/2019\/11\/EN-Interpeace-small.png","width":111,"height":85,"caption":"INTERPEACE"},"image":{"@id":"https:\/\/www.interpeace.org\/#\/schema\/logo\/image\/"},"sameAs":["https:\/\/www.facebook.com\/Interpeace","https:\/\/x.com\/InterpeaceTweet","https:\/\/www.instagram.com\/interpeace\/"]}]}</script>
<!-- / Yoast SEO Premium plugin. -->
