{"id":8128,"date":"2019-07-30T19:53:09","date_gmt":"2019-07-30T17:53:09","guid":{"rendered":"https:\/\/www.interpeace.org\/?post_type=initiative&#038;p=8128"},"modified":"2024-02-23T18:16:31","modified_gmt":"2024-02-23T17:16:31","slug":"destigmatizing-called-microbe","status":"publish","type":"initiative","link":"https:\/\/www.interpeace.org\/fr\/initiative\/destigmatizing-called-microbe\/","title":{"rendered":"Destigmatizing the so-called \u201cmicrobe\u201d youth"},"content":{"rendered":"<p>Les attitudes des parents, enseignants, communaut\u00e9s et journalistes avec les enfants \u201cmicrobes\u201d (membres de gangs de jeunes) ont chang\u00e9 positivement dans les districts d\u2019Abidjan et Yopougon o\u00f9 Interpeace et Indigo C\u00f4te d\u2019Ivoire sont actifs. Le narratif autour de ces enfants est devenu plus humanis\u00e9 et moins stigmatisant. Le changement est une avanc\u00e9e importante \u00e9tant donn\u00e9 les tensions violentes grandissantes autour des \u201cmicrobes\u201d depuis la fin de la crise post-\u00e9lectorale. Il a \u00e9t\u00e9 attaint progressivement en 2018 gr\u00e2ce aux efforts durables dans l\u2019\u00e9tablissement de la confiance, le dialogue et le soutien individuel de l\u2019\u00e9quipe d\u2019Indigo C\u00f4te d\u2019Ivoire pour les diff\u00e9rents groups cibl\u00e9s. Tout au long de 2016 et 2018, Interpeace and Indigo ont r\u00e9ussi \u00e0 aboutir \u00e0 une compr\u00e9hension plus large des \u201cmicrobes\u201d \u00e0 tous les niveaux (communaut\u00e9, institutions, acad\u00e9mique et m\u00e9dias) au travers du travail politique et de recherche. Pour \u00e9tendre ce changement positif, ils ont appel\u00e9 les journalistes \u00e0 soutenir celui-ci au travers du contenu de leurs m\u00e9dias, augmentant la port\u00e9e de cette question aupr\u00e8s d\u2019une audience plus importante. Indigo a aussi dialogu\u00e9 avec des acteurs communautaires locaux qui ont \u00e9t\u00e9 volontaires pour soutenir la r\u00e9int\u00e9gration sociale des membres de gangs de jeunes, garantissant une appropriation et une durabilit\u00e9 locales de ces processus de changements sociaux.<\/p>","protected":false},"featured_media":8129,"template":"","meta":{"_acf_changed":false,"_editorskit_title_hidden":false,"_editorskit_reading_time":0,"_editorskit_is_block_options_detached":false,"_editorskit_block_options_position":"{}","editor_plus_copied_stylings":"{}","_exactmetrics_skip_tracking":false,"_exactmetrics_sitenote_active":false,"_exactmetrics_sitenote_note":"","_exactmetrics_sitenote_category":0,"_links_to":"","_links_to_target":""},"initiatives":[],"programmes":[69],"class_list":["post-8128","initiative","type-initiative","status-publish","has-post-thumbnail","hentry","programmes-cote-divoire"],"acf":[],"yoast_head":"<!-- This site is optimized with the Yoast SEO Premium plugin v27.4 (Yoast SEO v27.4) - https:\/\/yoast.com\/product\/yoast-seo-premium-wordpress\/ -->\n<title>Destigmatizing the so-called \u201cmicrobe\u201d youth - Interpeace<\/title>\n<meta name=\"robots\" content=\"index, follow, max-snippet:-1, max-image-preview:large, max-video-preview:-1\" \/>\n<link rel=\"canonical\" href=\"https:\/\/www.interpeace.org\/fr\/initiative\/destigmatizing-called-microbe\/\" \/>\n<meta property=\"og:locale\" content=\"fr_FR\" \/>\n<meta property=\"og:type\" content=\"article\" \/>\n<meta property=\"og:title\" content=\"Destigmatizing the so-called \u201cmicrobe\u201d youth\" \/>\n<meta property=\"og:description\" content=\"The perceptions and attitudes of parents, teachers, communities and journalists towards the so-called \u201cmicrobe\u201d children (youth gang members) have positively changed in the Abidjan districts of Abobo and Yopougon, where Interpeace and Indigo C\u00f4te d\u2019Ivoire operate. The narrative around these children has become more humanized and less stigmatizing. This positive transformation is a critical achievement [&hellip;]\" \/>\n<meta property=\"og:url\" content=\"https:\/\/www.interpeace.org\/fr\/initiative\/destigmatizing-called-microbe\/\" \/>\n<meta property=\"og:site_name\" content=\"Interpeace\" \/>\n<meta property=\"article:publisher\" content=\"https:\/\/www.facebook.com\/Interpeace\" \/>\n<meta property=\"article:modified_time\" content=\"2024-02-23T17:16:31+00:00\" \/>\n<meta property=\"og:image\" content=\"https:\/\/www.interpeace.org\/wp-content\/uploads\/2019\/07\/Destigmatizing-the-so-called-\u201cmicrobe\u201d-youth-Cote-dIvoire-1000x500.jpg\" \/>\n\t<meta property=\"og:image:width\" content=\"1000\" \/>\n\t<meta property=\"og:image:height\" content=\"666\" \/>\n\t<meta property=\"og:image:type\" content=\"image\/jpeg\" \/>\n<meta name=\"twitter:card\" content=\"summary_large_image\" \/>\n<meta name=\"twitter:site\" content=\"@InterpeaceTweet\" \/>\n<meta name=\"twitter:label1\" content=\"Dur\u00e9e de lecture estim\u00e9e\" \/>\n\t<meta name=\"twitter:data1\" content=\"2 minutes\" \/>\n<script type=\"application\/ld+json\" class=\"yoast-schema-graph\">{\"@context\":\"https:\\\/\\\/schema.org\",\"@graph\":[{\"@type\":\"WebPage\",\"@id\":\"https:\\\/\\\/www.interpeace.org\\\/initiative\\\/destigmatizing-called-microbe\\\/\",\"url\":\"https:\\\/\\\/www.interpeace.org\\\/initiative\\\/destigmatizing-called-microbe\\\/\",\"name\":\"Destigmatizing the so-called \u201cmicrobe\u201d youth - Interpeace\",\"isPartOf\":{\"@id\":\"https:\\\/\\\/www.interpeace.org\\\/#website\"},\"primaryImageOfPage\":{\"@id\":\"https:\\\/\\\/www.interpeace.org\\\/initiative\\\/destigmatizing-called-microbe\\\/#primaryimage\"},\"image\":{\"@id\":\"https:\\\/\\\/www.interpeace.org\\\/initiative\\\/destigmatizing-called-microbe\\\/#primaryimage\"},\"thumbnailUrl\":\"https:\\\/\\\/www.interpeace.org\\\/wp-content\\\/uploads\\\/2019\\\/07\\\/Destigmatizing-the-so-called-\u201cmicrobe\u201d-youth-Cote-dIvoire-1000x500.jpg\",\"datePublished\":\"2019-07-30T17:53:09+00:00\",\"dateModified\":\"2024-02-23T17:16:31+00:00\",\"breadcrumb\":{\"@id\":\"https:\\\/\\\/www.interpeace.org\\\/initiative\\\/destigmatizing-called-microbe\\\/#breadcrumb\"},\"inLanguage\":\"fr-FR\",\"potentialAction\":[{\"@type\":\"ReadAction\",\"target\":[\"https:\\\/\\\/www.interpeace.org\\\/initiative\\\/destigmatizing-called-microbe\\\/\"]}]},{\"@type\":\"ImageObject\",\"inLanguage\":\"fr-FR\",\"@id\":\"https:\\\/\\\/www.interpeace.org\\\/initiative\\\/destigmatizing-called-microbe\\\/#primaryimage\",\"url\":\"https:\\\/\\\/www.interpeace.org\\\/wp-content\\\/uploads\\\/2019\\\/07\\\/Destigmatizing-the-so-called-\u201cmicrobe\u201d-youth-Cote-dIvoire-1000x500.jpg\",\"contentUrl\":\"https:\\\/\\\/www.interpeace.org\\\/wp-content\\\/uploads\\\/2019\\\/07\\\/Destigmatizing-the-so-called-\u201cmicrobe\u201d-youth-Cote-dIvoire-1000x500.jpg\",\"width\":1000,\"height\":666},{\"@type\":\"BreadcrumbList\",\"@id\":\"https:\\\/\\\/www.interpeace.org\\\/initiative\\\/destigmatizing-called-microbe\\\/#breadcrumb\",\"itemListElement\":[{\"@type\":\"ListItem\",\"position\":1,\"name\":\"Home\",\"item\":\"https:\\\/\\\/www.interpeace.org\\\/\"},{\"@type\":\"ListItem\",\"position\":2,\"name\":\"Destigmatizing the so-called \u201cmicrobe\u201d youth\"}]},{\"@type\":\"WebSite\",\"@id\":\"https:\\\/\\\/www.interpeace.org\\\/#website\",\"url\":\"https:\\\/\\\/www.interpeace.org\\\/\",\"name\":\"Interpeace\",\"description\":\"Enabling people to build lasting peace since 1994\",\"publisher\":{\"@id\":\"https:\\\/\\\/www.interpeace.org\\\/#organization\"},\"potentialAction\":[{\"@type\":\"SearchAction\",\"target\":{\"@type\":\"EntryPoint\",\"urlTemplate\":\"https:\\\/\\\/www.interpeace.org\\\/?s={search_term_string}\"},\"query-input\":{\"@type\":\"PropertyValueSpecification\",\"valueRequired\":true,\"valueName\":\"search_term_string\"}}],\"inLanguage\":\"fr-FR\"},{\"@type\":\"Organization\",\"@id\":\"https:\\\/\\\/www.interpeace.org\\\/#organization\",\"name\":\"INTERPEACE\",\"url\":\"https:\\\/\\\/www.interpeace.org\\\/\",\"logo\":{\"@type\":\"ImageObject\",\"inLanguage\":\"fr-FR\",\"@id\":\"https:\\\/\\\/www.interpeace.org\\\/#\\\/schema\\\/logo\\\/image\\\/\",\"url\":\"https:\\\/\\\/www.interpeace.org\\\/wp-content\\\/uploads\\\/2019\\\/11\\\/EN-Interpeace-small.png\",\"contentUrl\":\"https:\\\/\\\/www.interpeace.org\\\/wp-content\\\/uploads\\\/2019\\\/11\\\/EN-Interpeace-small.png\",\"width\":111,\"height\":85,\"caption\":\"INTERPEACE\"},\"image\":{\"@id\":\"https:\\\/\\\/www.interpeace.org\\\/#\\\/schema\\\/logo\\\/image\\\/\"},\"sameAs\":[\"https:\\\/\\\/www.facebook.com\\\/Interpeace\",\"https:\\\/\\\/x.com\\\/InterpeaceTweet\",\"https:\\\/\\\/www.instagram.com\\\/interpeace\\\/\"]}]}<\/script>\n<!-- \/ Yoast SEO Premium plugin. -->","yoast_head_json":{"title":"Destigmatizing the so-called \u201cmicrobe\u201d youth - Interpeace","robots":{"index":"index","follow":"follow","max-snippet":"max-snippet:-1","max-image-preview":"max-image-preview:large","max-video-preview":"max-video-preview:-1"},"canonical":"https:\/\/www.interpeace.org\/fr\/initiative\/destigmatizing-called-microbe\/","og_locale":"fr_FR","og_type":"article","og_title":"Destigmatizing the so-called \u201cmicrobe\u201d youth","og_description":"The perceptions and attitudes of parents, teachers, communities and journalists towards the so-called \u201cmicrobe\u201d children (youth gang members) have positively changed in the Abidjan districts of Abobo and Yopougon, where Interpeace and Indigo C\u00f4te d\u2019Ivoire operate. The narrative around these children has become more humanized and less stigmatizing. This positive transformation is a critical achievement [&hellip;]","og_url":"https:\/\/www.interpeace.org\/fr\/initiative\/destigmatizing-called-microbe\/","og_site_name":"Interpeace","article_publisher":"https:\/\/www.facebook.com\/Interpeace","article_modified_time":"2024-02-23T17:16:31+00:00","og_image":[{"width":1000,"height":666,"url":"https:\/\/www.interpeace.org\/wp-content\/uploads\/2019\/07\/Destigmatizing-the-so-called-\u201cmicrobe\u201d-youth-Cote-dIvoire-1000x500.jpg","type":"image\/jpeg"}],"twitter_card":"summary_large_image","twitter_site":"@InterpeaceTweet","twitter_misc":{"Dur\u00e9e de lecture estim\u00e9e":"2 minutes"},"schema":{"@context":"https:\/\/schema.org","@graph":[{"@type":"WebPage","@id":"https:\/\/www.interpeace.org\/initiative\/destigmatizing-called-microbe\/","url":"https:\/\/www.interpeace.org\/initiative\/destigmatizing-called-microbe\/","name":"Destigmatizing the so-called \u201cmicrobe\u201d youth - Interpeace","isPartOf":{"@id":"https:\/\/www.interpeace.org\/#website"},"primaryImageOfPage":{"@id":"https:\/\/www.interpeace.org\/initiative\/destigmatizing-called-microbe\/#primaryimage"},"image":{"@id":"https:\/\/www.interpeace.org\/initiative\/destigmatizing-called-microbe\/#primaryimage"},"thumbnailUrl":"https:\/\/www.interpeace.org\/wp-content\/uploads\/2019\/07\/Destigmatizing-the-so-called-\u201cmicrobe\u201d-youth-Cote-dIvoire-1000x500.jpg","datePublished":"2019-07-30T17:53:09+00:00","dateModified":"2024-02-23T17:16:31+00:00","breadcrumb":{"@id":"https:\/\/www.interpeace.org\/initiative\/destigmatizing-called-microbe\/#breadcrumb"},"inLanguage":"fr-FR","potentialAction":[{"@type":"ReadAction","target":["https:\/\/www.interpeace.org\/initiative\/destigmatizing-called-microbe\/"]}]},{"@type":"ImageObject","inLanguage":"fr-FR","@id":"https:\/\/www.interpeace.org\/initiative\/destigmatizing-called-microbe\/#primaryimage","url":"https:\/\/www.interpeace.org\/wp-content\/uploads\/2019\/07\/Destigmatizing-the-so-called-\u201cmicrobe\u201d-youth-Cote-dIvoire-1000x500.jpg","contentUrl":"https:\/\/www.interpeace.org\/wp-content\/uploads\/2019\/07\/Destigmatizing-the-so-called-\u201cmicrobe\u201d-youth-Cote-dIvoire-1000x500.jpg","width":1000,"height":666},{"@type":"BreadcrumbList","@id":"https:\/\/www.interpeace.org\/initiative\/destigmatizing-called-microbe\/#breadcrumb","itemListElement":[{"@type":"ListItem","position":1,"name":"Home","item":"https:\/\/www.interpeace.org\/"},{"@type":"ListItem","position":2,"name":"Destigmatizing the so-called \u201cmicrobe\u201d youth"}]},{"@type":"WebSite","@id":"https:\/\/www.interpeace.org\/#website","url":"https:\/\/www.interpeace.org\/","name":"Interpeace","description":"Permettre aux gens de construire une paix durable depuis 1994","publisher":{"@id":"https:\/\/www.interpeace.org\/#organization"},"potentialAction":[{"@type":"SearchAction","target":{"@type":"EntryPoint","urlTemplate":"https:\/\/www.interpeace.org\/?s={search_term_string}"},"query-input":{"@type":"PropertyValueSpecification","valueRequired":true,"valueName":"search_term_string"}}],"inLanguage":"fr-FR"},{"@type":"Organization","@id":"https:\/\/www.interpeace.org\/#organization","name":"INTERPEACE","url":"https:\/\/www.interpeace.org\/","logo":{"@type":"ImageObject","inLanguage":"fr-FR","@id":"https:\/\/www.interpeace.org\/#\/schema\/logo\/image\/","url":"https:\/\/www.interpeace.org\/wp-content\/uploads\/2019\/11\/EN-Interpeace-small.png","contentUrl":"https:\/\/www.interpeace.org\/wp-content\/uploads\/2019\/11\/EN-Interpeace-small.png","width":111,"height":85,"caption":"INTERPEACE"},"image":{"@id":"https:\/\/www.interpeace.org\/#\/schema\/logo\/image\/"},"sameAs":["https:\/\/www.facebook.com\/Interpeace","https:\/\/x.com\/InterpeaceTweet","https:\/\/www.instagram.com\/interpeace\/"]}]}},"_links":{"self":[{"href":"https:\/\/www.interpeace.org\/fr\/wp-json\/wp\/v2\/initiative\/8128","targetHints":{"allow":["GET"]}}],"collection":[{"href":"https:\/\/www.interpeace.org\/fr\/wp-json\/wp\/v2\/initiative"}],"about":[{"href":"https:\/\/www.interpeace.org\/fr\/wp-json\/wp\/v2\/types\/initiative"}],"wp:featuredmedia":[{"embeddable":true,"href":"https:\/\/www.interpeace.org\/fr\/wp-json\/wp\/v2\/media\/8129"}],"wp:attachment":[{"href":"https:\/\/www.interpeace.org\/fr\/wp-json\/wp\/v2\/media?parent=8128"}],"wp:term":[{"taxonomy":"initiatives","embeddable":true,"href":"https:\/\/www.interpeace.org\/fr\/wp-json\/wp\/v2\/initiatives?post=8128"},{"taxonomy":"programmes","embeddable":true,"href":"https:\/\/www.interpeace.org\/fr\/wp-json\/wp\/v2\/programmes?post=8128"}],"curies":[{"name":"wp","href":"https:\/\/api.w.org\/{rel}","templated":true}]}}

<p>Les attitudes des parents, enseignants, communautés et journalistes avec les enfants “microbes” (membres de gangs de jeunes) ont changé positivement dans les districts d’Abidjan et Yopougon où Interpeace et Indigo Côte d’Ivoire sont actifs. Le narratif autour de ces enfants est devenu plus humanisé et moins stigmatisant. Le changement est une avancée importante étant donné les tensions violentes grandissantes autour des “microbes” depuis la fin de la crise post-électorale. Il a été attaint progressivement en 2018 grâce aux efforts durables dans l’établissement de la confiance, le dialogue et le soutien individuel de l’équipe d’Indigo Côte d’Ivoire pour les différents groups ciblés. Tout au long de 2016 et 2018, Interpeace and Indigo ont réussi à aboutir à une compréhension plus large des “microbes” à tous les niveaux (communauté, institutions, académique et médias) au travers du travail politique et de recherche. Pour étendre ce changement positif, ils ont appelé les journalistes à soutenir celui-ci au travers du contenu de leurs médias, augmentant la portée de cette question auprès d’une audience plus importante. Indigo a aussi dialogué avec des acteurs communautaires locaux qui ont été volontaires pour soutenir la réintégration sociale des membres de gangs de jeunes, garantissant une appropriation et une durabilité locales de ces processus de changements sociaux.</p>

<!-- This site is optimized with the Yoast SEO Premium plugin v27.4 (Yoast SEO v27.4) - https://yoast.com/product/yoast-seo-premium-wordpress/ -->
<title>Destigmatizing the so-called “microbe” youth - Interpeace</title>
<meta name="robots" content="index, follow, max-snippet:-1, max-image-preview:large, max-video-preview:-1" />
<link rel="canonical" href="https://www.interpeace.org/fr/initiative/destigmatizing-called-microbe/" />
<meta property="og:locale" content="fr_FR" />
<meta property="og:type" content="article" />
<meta property="og:title" content="Destigmatizing the so-called “microbe” youth" />
<meta property="og:description" content="The perceptions and attitudes of parents, teachers, communities and journalists towards the so-called “microbe” children (youth gang members) have positively changed in the Abidjan districts of Abobo and Yopougon, where Interpeace and Indigo Côte d’Ivoire operate. The narrative around these children has become more humanized and less stigmatizing. This positive transformation is a critical achievement [&hellip;]" />
<meta property="og:url" content="https://www.interpeace.org/fr/initiative/destigmatizing-called-microbe/" />
<meta property="og:site_name" content="Interpeace" />
<meta property="article:publisher" content="https://www.facebook.com/Interpeace" />
<meta property="article:modified_time" content="2024-02-23T17:16:31+00:00" />
<meta property="og:image" content="https://www.interpeace.org/wp-content/uploads/2019/07/Destigmatizing-the-so-called-“microbe”-youth-Cote-dIvoire-1000x500.jpg" />
	<meta property="og:image:width" content="1000" />
	<meta property="og:image:height" content="666" />
	<meta property="og:image:type" content="image/jpeg" />
<meta name="twitter:card" content="summary_large_image" />
<meta name="twitter:site" content="@InterpeaceTweet" />
<meta name="twitter:label1" content="Durée de lecture estimée" />
	<meta name="twitter:data1" content="2 minutes" />
<script type="application/ld+json" class="yoast-schema-graph">{"@context":"https:\/\/schema.org","@graph":[{"@type":"WebPage","@id":"https:\/\/www.interpeace.org\/initiative\/destigmatizing-called-microbe\/","url":"https:\/\/www.interpeace.org\/initiative\/destigmatizing-called-microbe\/","name":"Destigmatizing the so-called “microbe” youth - Interpeace","isPartOf":{"@id":"https:\/\/www.interpeace.org\/#website"},"primaryImageOfPage":{"@id":"https:\/\/www.interpeace.org\/initiative\/destigmatizing-called-microbe\/#primaryimage"},"image":{"@id":"https:\/\/www.interpeace.org\/initiative\/destigmatizing-called-microbe\/#primaryimage"},"thumbnailUrl":"https:\/\/www.interpeace.org\/wp-content\/uploads\/2019\/07\/Destigmatizing-the-so-called-“microbe”-youth-Cote-dIvoire-1000x500.jpg","datePublished":"2019-07-30T17:53:09+00:00","dateModified":"2024-02-23T17:16:31+00:00","breadcrumb":{"@id":"https:\/\/www.interpeace.org\/initiative\/destigmatizing-called-microbe\/#breadcrumb"},"inLanguage":"fr-FR","potentialAction":[{"@type":"ReadAction","target":["https:\/\/www.interpeace.org\/initiative\/destigmatizing-called-microbe\/"]}]},{"@type":"ImageObject","inLanguage":"fr-FR","@id":"https:\/\/www.interpeace.org\/initiative\/destigmatizing-called-microbe\/#primaryimage","url":"https:\/\/www.interpeace.org\/wp-content\/uploads\/2019\/07\/Destigmatizing-the-so-called-“microbe”-youth-Cote-dIvoire-1000x500.jpg","contentUrl":"https:\/\/www.interpeace.org\/wp-content\/uploads\/2019\/07\/Destigmatizing-the-so-called-“microbe”-youth-Cote-dIvoire-1000x500.jpg","width":1000,"height":666},{"@type":"BreadcrumbList","@id":"https:\/\/www.interpeace.org\/initiative\/destigmatizing-called-microbe\/#breadcrumb","itemListElement":[{"@type":"ListItem","position":1,"name":"Home","item":"https:\/\/www.interpeace.org\/"},{"@type":"ListItem","position":2,"name":"Destigmatizing the so-called “microbe” youth"}]},{"@type":"WebSite","@id":"https:\/\/www.interpeace.org\/#website","url":"https:\/\/www.interpeace.org\/","name":"Interpeace","description":"Enabling people to build lasting peace since 1994","publisher":{"@id":"https:\/\/www.interpeace.org\/#organization"},"potentialAction":[{"@type":"SearchAction","target":{"@type":"EntryPoint","urlTemplate":"https:\/\/www.interpeace.org\/?s={search_term_string}"},"query-input":{"@type":"PropertyValueSpecification","valueRequired":true,"valueName":"search_term_string"}}],"inLanguage":"fr-FR"},{"@type":"Organization","@id":"https:\/\/www.interpeace.org\/#organization","name":"INTERPEACE","url":"https:\/\/www.interpeace.org\/","logo":{"@type":"ImageObject","inLanguage":"fr-FR","@id":"https:\/\/www.interpeace.org\/#\/schema\/logo\/image\/","url":"https:\/\/www.interpeace.org\/wp-content\/uploads\/2019\/11\/EN-Interpeace-small.png","contentUrl":"https:\/\/www.interpeace.org\/wp-content\/uploads\/2019\/11\/EN-Interpeace-small.png","width":111,"height":85,"caption":"INTERPEACE"},"image":{"@id":"https:\/\/www.interpeace.org\/#\/schema\/logo\/image\/"},"sameAs":["https:\/\/www.facebook.com\/Interpeace","https:\/\/x.com\/InterpeaceTweet","https:\/\/www.instagram.com\/interpeace\/"]}]}</script>
<!-- / Yoast SEO Premium plugin. -->

The perceptions and attitudes of parents, teachers, communities and journalists towards the so-called “microbe” children (youth gang members) have positively changed in the Abidjan districts of Abobo and Yopougon, where Interpeace and Indigo Côte d’Ivoire operate. The narrative around these children has become more humanized and less stigmatizing. This positive transformation is a critical achievement [&hellip;]
