{"id":8126,"date":"2019-07-30T19:39:48","date_gmt":"2019-07-30T17:39:48","guid":{"rendered":"https:\/\/www.interpeace.org\/?post_type=initiative&#038;p=8126"},"modified":"2024-02-23T18:12:31","modified_gmt":"2024-02-23T17:12:31","slug":"fostering-sustainable-cohesion","status":"publish","type":"initiative","link":"https:\/\/www.interpeace.org\/fr\/initiative\/fostering-sustainable-cohesion\/","title":{"rendered":"Favoriser une coh\u00e9sion sociale durable"},"content":{"rendered":"<p>Dans le district occidental des Montagnes, Interpeace et Indigo C\u00f4te d\u2019Ivoire, avec le soutien de l\u2019UE, ont pu faire avancer la collaboration et davantage de confiance entre les autorit\u00e9s locales et les comit\u00e9s de paix dans neuf localit\u00e9s (les comit\u00e9s informels qui cherchent \u00e0 emp\u00eacher ou r\u00e9soudre les conflits locaux) dans l\u2019ouest de la C\u00f4te d\u2019Ivoire. Ils ont pu \u00e9galement renforcer les comp\u00e9tences de gestion des conflits des membres des comit\u00e9s de paix cibl\u00e9s. La combinaison de ces deux am\u00e9liorations a abouti \u00e0 la diminution des tensions sociales dans les communaut\u00e9s cibl\u00e9es. Pour catalyser les changements positifs dans la r\u00e9solution des conflits et la coh\u00e9sion sociale, Interpeace et Indigo C\u00f4te d\u2019Ivoire vont faciliter encore davantage la collaboration entre les autorit\u00e9s locales et les comit\u00e9s de paix dans la r\u00e9gion. Ils vont partager ces avanc\u00e9es et ces bonnes pratiques avec les autorit\u00e9s r\u00e9gionales et nationales pour institutionnaliser le r\u00f4le de, et la collaboration avec, les comit\u00e9s de paix comme m\u00e9canismes de soutien pour la gouvernance locale.<\/p>","protected":false},"featured_media":8127,"template":"","meta":{"_acf_changed":false,"_editorskit_title_hidden":false,"_editorskit_reading_time":0,"_editorskit_is_block_options_detached":false,"_editorskit_block_options_position":"{}","editor_plus_copied_stylings":"{}","_exactmetrics_skip_tracking":false,"_exactmetrics_sitenote_active":false,"_exactmetrics_sitenote_note":"","_exactmetrics_sitenote_category":0,"_links_to":"","_links_to_target":""},"initiatives":[],"programmes":[69],"class_list":["post-8126","initiative","type-initiative","status-publish","has-post-thumbnail","hentry","programmes-cote-divoire"],"acf":[],"yoast_head":"<!-- This site is optimized with the Yoast SEO Premium plugin v27.4 (Yoast SEO v27.4) - https:\/\/yoast.com\/product\/yoast-seo-premium-wordpress\/ -->\n<title>Fostering sustainable social cohesion - Interpeace<\/title>\n<meta name=\"robots\" content=\"index, follow, max-snippet:-1, max-image-preview:large, max-video-preview:-1\" \/>\n<link rel=\"canonical\" href=\"https:\/\/www.interpeace.org\/fr\/initiative\/fostering-sustainable-cohesion\/\" \/>\n<meta property=\"og:locale\" content=\"fr_FR\" \/>\n<meta property=\"og:type\" content=\"article\" \/>\n<meta property=\"og:title\" content=\"Fostering sustainable social cohesion\" \/>\n<meta property=\"og:description\" content=\"In the Western District of \u201cLes Montagnes,\u201d Interpeace and Indigo C\u00f4te d\u2019Ivoire, with the support of the EU, were able to (1) foster collaboration and increased trust between local authorities and Peace Committees in 9 localities (informal committees that aim at preventing or solving local conflicts) in Western C\u00f4te d\u2019Ivoire; and (2) enhance the conflict [&hellip;]\" \/>\n<meta property=\"og:url\" content=\"https:\/\/www.interpeace.org\/fr\/initiative\/fostering-sustainable-cohesion\/\" \/>\n<meta property=\"og:site_name\" content=\"Interpeace\" \/>\n<meta property=\"article:publisher\" content=\"https:\/\/www.facebook.com\/Interpeace\" \/>\n<meta property=\"article:modified_time\" content=\"2024-02-23T17:12:31+00:00\" \/>\n<meta property=\"og:image\" content=\"https:\/\/www.interpeace.org\/wp-content\/uploads\/2019\/07\/Fostering-sustainable-social-cohesion-Cote-dIvoire-1000x500.jpg\" \/>\n\t<meta property=\"og:image:width\" content=\"1000\" \/>\n\t<meta property=\"og:image:height\" content=\"666\" \/>\n\t<meta property=\"og:image:type\" content=\"image\/jpeg\" \/>\n<meta name=\"twitter:card\" content=\"summary_large_image\" \/>\n<meta name=\"twitter:site\" content=\"@InterpeaceTweet\" \/>\n<meta name=\"twitter:label1\" content=\"Dur\u00e9e de lecture estim\u00e9e\" \/>\n\t<meta name=\"twitter:data1\" content=\"1 minute\" \/>\n<script type=\"application\/ld+json\" class=\"yoast-schema-graph\">{\"@context\":\"https:\\\/\\\/schema.org\",\"@graph\":[{\"@type\":\"WebPage\",\"@id\":\"https:\\\/\\\/www.interpeace.org\\\/initiative\\\/fostering-sustainable-cohesion\\\/\",\"url\":\"https:\\\/\\\/www.interpeace.org\\\/initiative\\\/fostering-sustainable-cohesion\\\/\",\"name\":\"Fostering sustainable social cohesion - Interpeace\",\"isPartOf\":{\"@id\":\"https:\\\/\\\/www.interpeace.org\\\/#website\"},\"primaryImageOfPage\":{\"@id\":\"https:\\\/\\\/www.interpeace.org\\\/initiative\\\/fostering-sustainable-cohesion\\\/#primaryimage\"},\"image\":{\"@id\":\"https:\\\/\\\/www.interpeace.org\\\/initiative\\\/fostering-sustainable-cohesion\\\/#primaryimage\"},\"thumbnailUrl\":\"https:\\\/\\\/www.interpeace.org\\\/wp-content\\\/uploads\\\/2019\\\/07\\\/Fostering-sustainable-social-cohesion-Cote-dIvoire-1000x500.jpg\",\"datePublished\":\"2019-07-30T17:39:48+00:00\",\"dateModified\":\"2024-02-23T17:12:31+00:00\",\"breadcrumb\":{\"@id\":\"https:\\\/\\\/www.interpeace.org\\\/initiative\\\/fostering-sustainable-cohesion\\\/#breadcrumb\"},\"inLanguage\":\"fr-FR\",\"potentialAction\":[{\"@type\":\"ReadAction\",\"target\":[\"https:\\\/\\\/www.interpeace.org\\\/initiative\\\/fostering-sustainable-cohesion\\\/\"]}]},{\"@type\":\"ImageObject\",\"inLanguage\":\"fr-FR\",\"@id\":\"https:\\\/\\\/www.interpeace.org\\\/initiative\\\/fostering-sustainable-cohesion\\\/#primaryimage\",\"url\":\"https:\\\/\\\/www.interpeace.org\\\/wp-content\\\/uploads\\\/2019\\\/07\\\/Fostering-sustainable-social-cohesion-Cote-dIvoire-1000x500.jpg\",\"contentUrl\":\"https:\\\/\\\/www.interpeace.org\\\/wp-content\\\/uploads\\\/2019\\\/07\\\/Fostering-sustainable-social-cohesion-Cote-dIvoire-1000x500.jpg\",\"width\":1000,\"height\":666},{\"@type\":\"BreadcrumbList\",\"@id\":\"https:\\\/\\\/www.interpeace.org\\\/initiative\\\/fostering-sustainable-cohesion\\\/#breadcrumb\",\"itemListElement\":[{\"@type\":\"ListItem\",\"position\":1,\"name\":\"Home\",\"item\":\"https:\\\/\\\/www.interpeace.org\\\/\"},{\"@type\":\"ListItem\",\"position\":2,\"name\":\"Fostering sustainable social cohesion\"}]},{\"@type\":\"WebSite\",\"@id\":\"https:\\\/\\\/www.interpeace.org\\\/#website\",\"url\":\"https:\\\/\\\/www.interpeace.org\\\/\",\"name\":\"Interpeace\",\"description\":\"Enabling people to build lasting peace since 1994\",\"publisher\":{\"@id\":\"https:\\\/\\\/www.interpeace.org\\\/#organization\"},\"potentialAction\":[{\"@type\":\"SearchAction\",\"target\":{\"@type\":\"EntryPoint\",\"urlTemplate\":\"https:\\\/\\\/www.interpeace.org\\\/?s={search_term_string}\"},\"query-input\":{\"@type\":\"PropertyValueSpecification\",\"valueRequired\":true,\"valueName\":\"search_term_string\"}}],\"inLanguage\":\"fr-FR\"},{\"@type\":\"Organization\",\"@id\":\"https:\\\/\\\/www.interpeace.org\\\/#organization\",\"name\":\"INTERPEACE\",\"url\":\"https:\\\/\\\/www.interpeace.org\\\/\",\"logo\":{\"@type\":\"ImageObject\",\"inLanguage\":\"fr-FR\",\"@id\":\"https:\\\/\\\/www.interpeace.org\\\/#\\\/schema\\\/logo\\\/image\\\/\",\"url\":\"https:\\\/\\\/www.interpeace.org\\\/wp-content\\\/uploads\\\/2019\\\/11\\\/EN-Interpeace-small.png\",\"contentUrl\":\"https:\\\/\\\/www.interpeace.org\\\/wp-content\\\/uploads\\\/2019\\\/11\\\/EN-Interpeace-small.png\",\"width\":111,\"height\":85,\"caption\":\"INTERPEACE\"},\"image\":{\"@id\":\"https:\\\/\\\/www.interpeace.org\\\/#\\\/schema\\\/logo\\\/image\\\/\"},\"sameAs\":[\"https:\\\/\\\/www.facebook.com\\\/Interpeace\",\"https:\\\/\\\/x.com\\\/InterpeaceTweet\",\"https:\\\/\\\/www.instagram.com\\\/interpeace\\\/\"]}]}<\/script>\n<!-- \/ Yoast SEO Premium plugin. -->","yoast_head_json":{"title":"Fostering sustainable social cohesion - Interpeace","robots":{"index":"index","follow":"follow","max-snippet":"max-snippet:-1","max-image-preview":"max-image-preview:large","max-video-preview":"max-video-preview:-1"},"canonical":"https:\/\/www.interpeace.org\/fr\/initiative\/fostering-sustainable-cohesion\/","og_locale":"fr_FR","og_type":"article","og_title":"Fostering sustainable social cohesion","og_description":"In the Western District of \u201cLes Montagnes,\u201d Interpeace and Indigo C\u00f4te d\u2019Ivoire, with the support of the EU, were able to (1) foster collaboration and increased trust between local authorities and Peace Committees in 9 localities (informal committees that aim at preventing or solving local conflicts) in Western C\u00f4te d\u2019Ivoire; and (2) enhance the conflict [&hellip;]","og_url":"https:\/\/www.interpeace.org\/fr\/initiative\/fostering-sustainable-cohesion\/","og_site_name":"Interpeace","article_publisher":"https:\/\/www.facebook.com\/Interpeace","article_modified_time":"2024-02-23T17:12:31+00:00","og_image":[{"width":1000,"height":666,"url":"https:\/\/www.interpeace.org\/wp-content\/uploads\/2019\/07\/Fostering-sustainable-social-cohesion-Cote-dIvoire-1000x500.jpg","type":"image\/jpeg"}],"twitter_card":"summary_large_image","twitter_site":"@InterpeaceTweet","twitter_misc":{"Dur\u00e9e de lecture estim\u00e9e":"1 minute"},"schema":{"@context":"https:\/\/schema.org","@graph":[{"@type":"WebPage","@id":"https:\/\/www.interpeace.org\/initiative\/fostering-sustainable-cohesion\/","url":"https:\/\/www.interpeace.org\/initiative\/fostering-sustainable-cohesion\/","name":"Fostering sustainable social cohesion - Interpeace","isPartOf":{"@id":"https:\/\/www.interpeace.org\/#website"},"primaryImageOfPage":{"@id":"https:\/\/www.interpeace.org\/initiative\/fostering-sustainable-cohesion\/#primaryimage"},"image":{"@id":"https:\/\/www.interpeace.org\/initiative\/fostering-sustainable-cohesion\/#primaryimage"},"thumbnailUrl":"https:\/\/www.interpeace.org\/wp-content\/uploads\/2019\/07\/Fostering-sustainable-social-cohesion-Cote-dIvoire-1000x500.jpg","datePublished":"2019-07-30T17:39:48+00:00","dateModified":"2024-02-23T17:12:31+00:00","breadcrumb":{"@id":"https:\/\/www.interpeace.org\/initiative\/fostering-sustainable-cohesion\/#breadcrumb"},"inLanguage":"fr-FR","potentialAction":[{"@type":"ReadAction","target":["https:\/\/www.interpeace.org\/initiative\/fostering-sustainable-cohesion\/"]}]},{"@type":"ImageObject","inLanguage":"fr-FR","@id":"https:\/\/www.interpeace.org\/initiative\/fostering-sustainable-cohesion\/#primaryimage","url":"https:\/\/www.interpeace.org\/wp-content\/uploads\/2019\/07\/Fostering-sustainable-social-cohesion-Cote-dIvoire-1000x500.jpg","contentUrl":"https:\/\/www.interpeace.org\/wp-content\/uploads\/2019\/07\/Fostering-sustainable-social-cohesion-Cote-dIvoire-1000x500.jpg","width":1000,"height":666},{"@type":"BreadcrumbList","@id":"https:\/\/www.interpeace.org\/initiative\/fostering-sustainable-cohesion\/#breadcrumb","itemListElement":[{"@type":"ListItem","position":1,"name":"Home","item":"https:\/\/www.interpeace.org\/"},{"@type":"ListItem","position":2,"name":"Fostering sustainable social cohesion"}]},{"@type":"WebSite","@id":"https:\/\/www.interpeace.org\/#website","url":"https:\/\/www.interpeace.org\/","name":"Interpeace","description":"Permettre aux gens de construire une paix durable depuis 1994","publisher":{"@id":"https:\/\/www.interpeace.org\/#organization"},"potentialAction":[{"@type":"SearchAction","target":{"@type":"EntryPoint","urlTemplate":"https:\/\/www.interpeace.org\/?s={search_term_string}"},"query-input":{"@type":"PropertyValueSpecification","valueRequired":true,"valueName":"search_term_string"}}],"inLanguage":"fr-FR"},{"@type":"Organization","@id":"https:\/\/www.interpeace.org\/#organization","name":"INTERPEACE","url":"https:\/\/www.interpeace.org\/","logo":{"@type":"ImageObject","inLanguage":"fr-FR","@id":"https:\/\/www.interpeace.org\/#\/schema\/logo\/image\/","url":"https:\/\/www.interpeace.org\/wp-content\/uploads\/2019\/11\/EN-Interpeace-small.png","contentUrl":"https:\/\/www.interpeace.org\/wp-content\/uploads\/2019\/11\/EN-Interpeace-small.png","width":111,"height":85,"caption":"INTERPEACE"},"image":{"@id":"https:\/\/www.interpeace.org\/#\/schema\/logo\/image\/"},"sameAs":["https:\/\/www.facebook.com\/Interpeace","https:\/\/x.com\/InterpeaceTweet","https:\/\/www.instagram.com\/interpeace\/"]}]}},"_links":{"self":[{"href":"https:\/\/www.interpeace.org\/fr\/wp-json\/wp\/v2\/initiative\/8126","targetHints":{"allow":["GET"]}}],"collection":[{"href":"https:\/\/www.interpeace.org\/fr\/wp-json\/wp\/v2\/initiative"}],"about":[{"href":"https:\/\/www.interpeace.org\/fr\/wp-json\/wp\/v2\/types\/initiative"}],"wp:featuredmedia":[{"embeddable":true,"href":"https:\/\/www.interpeace.org\/fr\/wp-json\/wp\/v2\/media\/8127"}],"wp:attachment":[{"href":"https:\/\/www.interpeace.org\/fr\/wp-json\/wp\/v2\/media?parent=8126"}],"wp:term":[{"taxonomy":"initiatives","embeddable":true,"href":"https:\/\/www.interpeace.org\/fr\/wp-json\/wp\/v2\/initiatives?post=8126"},{"taxonomy":"programmes","embeddable":true,"href":"https:\/\/www.interpeace.org\/fr\/wp-json\/wp\/v2\/programmes?post=8126"}],"curies":[{"name":"wp","href":"https:\/\/api.w.org\/{rel}","templated":true}]}}

Favoriser une cohésion sociale durable

<p>Dans le district occidental des Montagnes, Interpeace et Indigo Côte d’Ivoire, avec le soutien de l’UE, ont pu faire avancer la collaboration et davantage de confiance entre les autorités locales et les comités de paix dans neuf localités (les comités informels qui cherchent à empêcher ou résoudre les conflits locaux) dans l’ouest de la Côte d’Ivoire. Ils ont pu également renforcer les compétences de gestion des conflits des membres des comités de paix ciblés. La combinaison de ces deux améliorations a abouti à la diminution des tensions sociales dans les communautés ciblées. Pour catalyser les changements positifs dans la résolution des conflits et la cohésion sociale, Interpeace et Indigo Côte d’Ivoire vont faciliter encore davantage la collaboration entre les autorités locales et les comités de paix dans la région. Ils vont partager ces avancées et ces bonnes pratiques avec les autorités régionales et nationales pour institutionnaliser le rôle de, et la collaboration avec, les comités de paix comme mécanismes de soutien pour la gouvernance locale.</p>

<!-- This site is optimized with the Yoast SEO Premium plugin v27.4 (Yoast SEO v27.4) - https://yoast.com/product/yoast-seo-premium-wordpress/ -->
<title>Fostering sustainable social cohesion - Interpeace</title>
<meta name="robots" content="index, follow, max-snippet:-1, max-image-preview:large, max-video-preview:-1" />
<link rel="canonical" href="https://www.interpeace.org/fr/initiative/fostering-sustainable-cohesion/" />
<meta property="og:locale" content="fr_FR" />
<meta property="og:type" content="article" />
<meta property="og:title" content="Fostering sustainable social cohesion" />
<meta property="og:description" content="In the Western District of “Les Montagnes,” Interpeace and Indigo Côte d’Ivoire, with the support of the EU, were able to (1) foster collaboration and increased trust between local authorities and Peace Committees in 9 localities (informal committees that aim at preventing or solving local conflicts) in Western Côte d’Ivoire; and (2) enhance the conflict [&hellip;]" />
<meta property="og:url" content="https://www.interpeace.org/fr/initiative/fostering-sustainable-cohesion/" />
<meta property="og:site_name" content="Interpeace" />
<meta property="article:publisher" content="https://www.facebook.com/Interpeace" />
<meta property="article:modified_time" content="2024-02-23T17:12:31+00:00" />
<meta property="og:image" content="https://www.interpeace.org/wp-content/uploads/2019/07/Fostering-sustainable-social-cohesion-Cote-dIvoire-1000x500.jpg" />
	<meta property="og:image:width" content="1000" />
	<meta property="og:image:height" content="666" />
	<meta property="og:image:type" content="image/jpeg" />
<meta name="twitter:card" content="summary_large_image" />
<meta name="twitter:site" content="@InterpeaceTweet" />
<meta name="twitter:label1" content="Durée de lecture estimée" />
	<meta name="twitter:data1" content="1 minute" />
<script type="application/ld+json" class="yoast-schema-graph">{"@context":"https:\/\/schema.org","@graph":[{"@type":"WebPage","@id":"https:\/\/www.interpeace.org\/initiative\/fostering-sustainable-cohesion\/","url":"https:\/\/www.interpeace.org\/initiative\/fostering-sustainable-cohesion\/","name":"Fostering sustainable social cohesion - Interpeace","isPartOf":{"@id":"https:\/\/www.interpeace.org\/#website"},"primaryImageOfPage":{"@id":"https:\/\/www.interpeace.org\/initiative\/fostering-sustainable-cohesion\/#primaryimage"},"image":{"@id":"https:\/\/www.interpeace.org\/initiative\/fostering-sustainable-cohesion\/#primaryimage"},"thumbnailUrl":"https:\/\/www.interpeace.org\/wp-content\/uploads\/2019\/07\/Fostering-sustainable-social-cohesion-Cote-dIvoire-1000x500.jpg","datePublished":"2019-07-30T17:39:48+00:00","dateModified":"2024-02-23T17:12:31+00:00","breadcrumb":{"@id":"https:\/\/www.interpeace.org\/initiative\/fostering-sustainable-cohesion\/#breadcrumb"},"inLanguage":"fr-FR","potentialAction":[{"@type":"ReadAction","target":["https:\/\/www.interpeace.org\/initiative\/fostering-sustainable-cohesion\/"]}]},{"@type":"ImageObject","inLanguage":"fr-FR","@id":"https:\/\/www.interpeace.org\/initiative\/fostering-sustainable-cohesion\/#primaryimage","url":"https:\/\/www.interpeace.org\/wp-content\/uploads\/2019\/07\/Fostering-sustainable-social-cohesion-Cote-dIvoire-1000x500.jpg","contentUrl":"https:\/\/www.interpeace.org\/wp-content\/uploads\/2019\/07\/Fostering-sustainable-social-cohesion-Cote-dIvoire-1000x500.jpg","width":1000,"height":666},{"@type":"BreadcrumbList","@id":"https:\/\/www.interpeace.org\/initiative\/fostering-sustainable-cohesion\/#breadcrumb","itemListElement":[{"@type":"ListItem","position":1,"name":"Home","item":"https:\/\/www.interpeace.org\/"},{"@type":"ListItem","position":2,"name":"Fostering sustainable social cohesion"}]},{"@type":"WebSite","@id":"https:\/\/www.interpeace.org\/#website","url":"https:\/\/www.interpeace.org\/","name":"Interpeace","description":"Enabling people to build lasting peace since 1994","publisher":{"@id":"https:\/\/www.interpeace.org\/#organization"},"potentialAction":[{"@type":"SearchAction","target":{"@type":"EntryPoint","urlTemplate":"https:\/\/www.interpeace.org\/?s={search_term_string}"},"query-input":{"@type":"PropertyValueSpecification","valueRequired":true,"valueName":"search_term_string"}}],"inLanguage":"fr-FR"},{"@type":"Organization","@id":"https:\/\/www.interpeace.org\/#organization","name":"INTERPEACE","url":"https:\/\/www.interpeace.org\/","logo":{"@type":"ImageObject","inLanguage":"fr-FR","@id":"https:\/\/www.interpeace.org\/#\/schema\/logo\/image\/","url":"https:\/\/www.interpeace.org\/wp-content\/uploads\/2019\/11\/EN-Interpeace-small.png","contentUrl":"https:\/\/www.interpeace.org\/wp-content\/uploads\/2019\/11\/EN-Interpeace-small.png","width":111,"height":85,"caption":"INTERPEACE"},"image":{"@id":"https:\/\/www.interpeace.org\/#\/schema\/logo\/image\/"},"sameAs":["https:\/\/www.facebook.com\/Interpeace","https:\/\/x.com\/InterpeaceTweet","https:\/\/www.instagram.com\/interpeace\/"]}]}</script>
<!-- / Yoast SEO Premium plugin. -->

In the Western District of “Les Montagnes,” Interpeace and Indigo Côte d’Ivoire, with the support of the EU, were able to (1) foster collaboration and increased trust between local authorities and Peace Committees in 9 localities (informal committees that aim at preventing or solving local conflicts) in Western Côte d’Ivoire; and (2) enhance the conflict [&hellip;]
