{"id":12304,"date":"2022-06-15T22:41:17","date_gmt":"2022-06-15T20:41:17","guid":{"rendered":"https:\/\/www.interpeace.org\/?post_type=initiative&#038;p=12304"},"modified":"2022-08-24T22:19:52","modified_gmt":"2022-08-24T20:19:52","slug":"mapping-the-peace-nexus-in-burkina-faso","status":"publish","type":"initiative","link":"https:\/\/www.interpeace.org\/fr\/initiative\/mapping-the-peace-nexus-in-burkina-faso\/","title":{"rendered":"Identifier le nexus paix au Burkina Faso"},"content":{"rendered":"<p>La port\u00e9e de ce projet est d\u2019atteindre davantage de coh\u00e9rence entre les actions humanitaires, de d\u00e9veloppement et de paix dans le pays. Le syst\u00e8me onusien au Burkina Faso, au travers du Programme des Nations Unies pour le d\u00e9veloppement (PNUD), a mandat\u00e9 Interpeace pour mener une \u00e9tude qui identifie les capacit\u00e9s de ces acteurs pour op\u00e9rationnaliser l\u2019approche du nexus humanitaire-d\u00e9veloppement-paix. Le Burkina Faso est l\u2019un des pays pilotes sur cette question.<\/p>","protected":false},"featured_media":12548,"template":"","meta":{"_acf_changed":false,"_editorskit_title_hidden":false,"_editorskit_reading_time":0,"_editorskit_is_block_options_detached":false,"_editorskit_block_options_position":"{}","editor_plus_copied_stylings":"{}","_exactmetrics_skip_tracking":false,"_exactmetrics_sitenote_active":false,"_exactmetrics_sitenote_note":"","_exactmetrics_sitenote_category":0,"_links_to":"","_links_to_target":""},"initiatives":[],"programmes":[220,67],"class_list":["post-12304","initiative","type-initiative","status-publish","has-post-thumbnail","hentry","programmes-burkina-faso","programmes-west-africa"],"acf":[],"yoast_head":"<!-- This site is optimized with the Yoast SEO Premium plugin v27.4 (Yoast SEO v27.4) - https:\/\/yoast.com\/product\/yoast-seo-premium-wordpress\/ -->\n<title>Mapping the peace nexus in Burkina Faso - Interpeace<\/title>\n<meta name=\"robots\" content=\"index, follow, max-snippet:-1, max-image-preview:large, max-video-preview:-1\" \/>\n<link rel=\"canonical\" href=\"https:\/\/www.interpeace.org\/fr\/initiative\/mapping-the-peace-nexus-in-burkina-faso\/\" \/>\n<meta property=\"og:locale\" content=\"fr_FR\" \/>\n<meta property=\"og:type\" content=\"article\" \/>\n<meta property=\"og:title\" content=\"Mapping the peace nexus in Burkina Faso\" \/>\n<meta property=\"og:description\" content=\"The focus of this project is to achieve greater coherence between humanitarian, development and peace actions in the country. The United Nations system in Burkina Faso, through the United Nations Development Program (UNDP), mandated Interpeace to conduct a study that maps the capacities of these actors to operationalize the humanitarian-development-peace nexus approach. Burkina Faso is [&hellip;]\" \/>\n<meta property=\"og:url\" content=\"https:\/\/www.interpeace.org\/fr\/initiative\/mapping-the-peace-nexus-in-burkina-faso\/\" \/>\n<meta property=\"og:site_name\" content=\"Interpeace\" \/>\n<meta property=\"article:publisher\" content=\"https:\/\/www.facebook.com\/Interpeace\" \/>\n<meta property=\"article:modified_time\" content=\"2022-08-24T20:19:52+00:00\" \/>\n<meta property=\"og:image\" content=\"https:\/\/www.interpeace.org\/wp-content\/uploads\/2022\/06\/Burkina-Faso-2-1-1280x500.jpg\" \/>\n\t<meta property=\"og:image:width\" content=\"2560\" \/>\n\t<meta property=\"og:image:height\" content=\"1707\" \/>\n\t<meta property=\"og:image:type\" content=\"image\/jpeg\" \/>\n<meta name=\"twitter:card\" content=\"summary_large_image\" \/>\n<meta name=\"twitter:site\" content=\"@InterpeaceTweet\" \/>\n<meta name=\"twitter:label1\" content=\"Dur\u00e9e de lecture estim\u00e9e\" \/>\n\t<meta name=\"twitter:data1\" content=\"1 minute\" \/>\n<script type=\"application\/ld+json\" class=\"yoast-schema-graph\">{\"@context\":\"https:\\\/\\\/schema.org\",\"@graph\":[{\"@type\":\"WebPage\",\"@id\":\"https:\\\/\\\/www.interpeace.org\\\/initiative\\\/mapping-the-peace-nexus-in-burkina-faso\\\/\",\"url\":\"https:\\\/\\\/www.interpeace.org\\\/initiative\\\/mapping-the-peace-nexus-in-burkina-faso\\\/\",\"name\":\"Mapping the peace nexus in Burkina Faso - Interpeace\",\"isPartOf\":{\"@id\":\"https:\\\/\\\/www.interpeace.org\\\/#website\"},\"primaryImageOfPage\":{\"@id\":\"https:\\\/\\\/www.interpeace.org\\\/initiative\\\/mapping-the-peace-nexus-in-burkina-faso\\\/#primaryimage\"},\"image\":{\"@id\":\"https:\\\/\\\/www.interpeace.org\\\/initiative\\\/mapping-the-peace-nexus-in-burkina-faso\\\/#primaryimage\"},\"thumbnailUrl\":\"https:\\\/\\\/www.interpeace.org\\\/wp-content\\\/uploads\\\/2022\\\/06\\\/Burkina-Faso-2-1-1280x500.jpg\",\"datePublished\":\"2022-06-15T20:41:17+00:00\",\"dateModified\":\"2022-08-24T20:19:52+00:00\",\"breadcrumb\":{\"@id\":\"https:\\\/\\\/www.interpeace.org\\\/initiative\\\/mapping-the-peace-nexus-in-burkina-faso\\\/#breadcrumb\"},\"inLanguage\":\"fr-FR\",\"potentialAction\":[{\"@type\":\"ReadAction\",\"target\":[\"https:\\\/\\\/www.interpeace.org\\\/initiative\\\/mapping-the-peace-nexus-in-burkina-faso\\\/\"]}]},{\"@type\":\"ImageObject\",\"inLanguage\":\"fr-FR\",\"@id\":\"https:\\\/\\\/www.interpeace.org\\\/initiative\\\/mapping-the-peace-nexus-in-burkina-faso\\\/#primaryimage\",\"url\":\"https:\\\/\\\/www.interpeace.org\\\/wp-content\\\/uploads\\\/2022\\\/06\\\/Burkina-Faso-2-1-1280x500.jpg\",\"contentUrl\":\"https:\\\/\\\/www.interpeace.org\\\/wp-content\\\/uploads\\\/2022\\\/06\\\/Burkina-Faso-2-1-1280x500.jpg\",\"width\":2560,\"height\":1707},{\"@type\":\"BreadcrumbList\",\"@id\":\"https:\\\/\\\/www.interpeace.org\\\/initiative\\\/mapping-the-peace-nexus-in-burkina-faso\\\/#breadcrumb\",\"itemListElement\":[{\"@type\":\"ListItem\",\"position\":1,\"name\":\"Home\",\"item\":\"https:\\\/\\\/www.interpeace.org\\\/\"},{\"@type\":\"ListItem\",\"position\":2,\"name\":\"Mapping the peace nexus in Burkina Faso\"}]},{\"@type\":\"WebSite\",\"@id\":\"https:\\\/\\\/www.interpeace.org\\\/#website\",\"url\":\"https:\\\/\\\/www.interpeace.org\\\/\",\"name\":\"Interpeace\",\"description\":\"Enabling people to build lasting peace since 1994\",\"publisher\":{\"@id\":\"https:\\\/\\\/www.interpeace.org\\\/#organization\"},\"potentialAction\":[{\"@type\":\"SearchAction\",\"target\":{\"@type\":\"EntryPoint\",\"urlTemplate\":\"https:\\\/\\\/www.interpeace.org\\\/?s={search_term_string}\"},\"query-input\":{\"@type\":\"PropertyValueSpecification\",\"valueRequired\":true,\"valueName\":\"search_term_string\"}}],\"inLanguage\":\"fr-FR\"},{\"@type\":\"Organization\",\"@id\":\"https:\\\/\\\/www.interpeace.org\\\/#organization\",\"name\":\"INTERPEACE\",\"url\":\"https:\\\/\\\/www.interpeace.org\\\/\",\"logo\":{\"@type\":\"ImageObject\",\"inLanguage\":\"fr-FR\",\"@id\":\"https:\\\/\\\/www.interpeace.org\\\/#\\\/schema\\\/logo\\\/image\\\/\",\"url\":\"https:\\\/\\\/www.interpeace.org\\\/wp-content\\\/uploads\\\/2019\\\/11\\\/EN-Interpeace-small.png\",\"contentUrl\":\"https:\\\/\\\/www.interpeace.org\\\/wp-content\\\/uploads\\\/2019\\\/11\\\/EN-Interpeace-small.png\",\"width\":111,\"height\":85,\"caption\":\"INTERPEACE\"},\"image\":{\"@id\":\"https:\\\/\\\/www.interpeace.org\\\/#\\\/schema\\\/logo\\\/image\\\/\"},\"sameAs\":[\"https:\\\/\\\/www.facebook.com\\\/Interpeace\",\"https:\\\/\\\/x.com\\\/InterpeaceTweet\",\"https:\\\/\\\/www.instagram.com\\\/interpeace\\\/\"]}]}<\/script>\n<!-- \/ Yoast SEO Premium plugin. -->","yoast_head_json":{"title":"Mapping the peace nexus in Burkina Faso - Interpeace","robots":{"index":"index","follow":"follow","max-snippet":"max-snippet:-1","max-image-preview":"max-image-preview:large","max-video-preview":"max-video-preview:-1"},"canonical":"https:\/\/www.interpeace.org\/fr\/initiative\/mapping-the-peace-nexus-in-burkina-faso\/","og_locale":"fr_FR","og_type":"article","og_title":"Mapping the peace nexus in Burkina Faso","og_description":"The focus of this project is to achieve greater coherence between humanitarian, development and peace actions in the country. The United Nations system in Burkina Faso, through the United Nations Development Program (UNDP), mandated Interpeace to conduct a study that maps the capacities of these actors to operationalize the humanitarian-development-peace nexus approach. Burkina Faso is [&hellip;]","og_url":"https:\/\/www.interpeace.org\/fr\/initiative\/mapping-the-peace-nexus-in-burkina-faso\/","og_site_name":"Interpeace","article_publisher":"https:\/\/www.facebook.com\/Interpeace","article_modified_time":"2022-08-24T20:19:52+00:00","og_image":[{"width":2560,"height":1707,"url":"https:\/\/www.interpeace.org\/wp-content\/uploads\/2022\/06\/Burkina-Faso-2-1-1280x500.jpg","type":"image\/jpeg"}],"twitter_card":"summary_large_image","twitter_site":"@InterpeaceTweet","twitter_misc":{"Dur\u00e9e de lecture estim\u00e9e":"1 minute"},"schema":{"@context":"https:\/\/schema.org","@graph":[{"@type":"WebPage","@id":"https:\/\/www.interpeace.org\/initiative\/mapping-the-peace-nexus-in-burkina-faso\/","url":"https:\/\/www.interpeace.org\/initiative\/mapping-the-peace-nexus-in-burkina-faso\/","name":"Mapping the peace nexus in Burkina Faso - Interpeace","isPartOf":{"@id":"https:\/\/www.interpeace.org\/#website"},"primaryImageOfPage":{"@id":"https:\/\/www.interpeace.org\/initiative\/mapping-the-peace-nexus-in-burkina-faso\/#primaryimage"},"image":{"@id":"https:\/\/www.interpeace.org\/initiative\/mapping-the-peace-nexus-in-burkina-faso\/#primaryimage"},"thumbnailUrl":"https:\/\/www.interpeace.org\/wp-content\/uploads\/2022\/06\/Burkina-Faso-2-1-1280x500.jpg","datePublished":"2022-06-15T20:41:17+00:00","dateModified":"2022-08-24T20:19:52+00:00","breadcrumb":{"@id":"https:\/\/www.interpeace.org\/initiative\/mapping-the-peace-nexus-in-burkina-faso\/#breadcrumb"},"inLanguage":"fr-FR","potentialAction":[{"@type":"ReadAction","target":["https:\/\/www.interpeace.org\/initiative\/mapping-the-peace-nexus-in-burkina-faso\/"]}]},{"@type":"ImageObject","inLanguage":"fr-FR","@id":"https:\/\/www.interpeace.org\/initiative\/mapping-the-peace-nexus-in-burkina-faso\/#primaryimage","url":"https:\/\/www.interpeace.org\/wp-content\/uploads\/2022\/06\/Burkina-Faso-2-1-1280x500.jpg","contentUrl":"https:\/\/www.interpeace.org\/wp-content\/uploads\/2022\/06\/Burkina-Faso-2-1-1280x500.jpg","width":2560,"height":1707},{"@type":"BreadcrumbList","@id":"https:\/\/www.interpeace.org\/initiative\/mapping-the-peace-nexus-in-burkina-faso\/#breadcrumb","itemListElement":[{"@type":"ListItem","position":1,"name":"Home","item":"https:\/\/www.interpeace.org\/"},{"@type":"ListItem","position":2,"name":"Mapping the peace nexus in Burkina Faso"}]},{"@type":"WebSite","@id":"https:\/\/www.interpeace.org\/#website","url":"https:\/\/www.interpeace.org\/","name":"Interpeace","description":"Permettre aux gens de construire une paix durable depuis 1994","publisher":{"@id":"https:\/\/www.interpeace.org\/#organization"},"potentialAction":[{"@type":"SearchAction","target":{"@type":"EntryPoint","urlTemplate":"https:\/\/www.interpeace.org\/?s={search_term_string}"},"query-input":{"@type":"PropertyValueSpecification","valueRequired":true,"valueName":"search_term_string"}}],"inLanguage":"fr-FR"},{"@type":"Organization","@id":"https:\/\/www.interpeace.org\/#organization","name":"INTERPEACE","url":"https:\/\/www.interpeace.org\/","logo":{"@type":"ImageObject","inLanguage":"fr-FR","@id":"https:\/\/www.interpeace.org\/#\/schema\/logo\/image\/","url":"https:\/\/www.interpeace.org\/wp-content\/uploads\/2019\/11\/EN-Interpeace-small.png","contentUrl":"https:\/\/www.interpeace.org\/wp-content\/uploads\/2019\/11\/EN-Interpeace-small.png","width":111,"height":85,"caption":"INTERPEACE"},"image":{"@id":"https:\/\/www.interpeace.org\/#\/schema\/logo\/image\/"},"sameAs":["https:\/\/www.facebook.com\/Interpeace","https:\/\/x.com\/InterpeaceTweet","https:\/\/www.instagram.com\/interpeace\/"]}]}},"_links":{"self":[{"href":"https:\/\/www.interpeace.org\/fr\/wp-json\/wp\/v2\/initiative\/12304","targetHints":{"allow":["GET"]}}],"collection":[{"href":"https:\/\/www.interpeace.org\/fr\/wp-json\/wp\/v2\/initiative"}],"about":[{"href":"https:\/\/www.interpeace.org\/fr\/wp-json\/wp\/v2\/types\/initiative"}],"wp:featuredmedia":[{"embeddable":true,"href":"https:\/\/www.interpeace.org\/fr\/wp-json\/wp\/v2\/media\/12548"}],"wp:attachment":[{"href":"https:\/\/www.interpeace.org\/fr\/wp-json\/wp\/v2\/media?parent=12304"}],"wp:term":[{"taxonomy":"initiatives","embeddable":true,"href":"https:\/\/www.interpeace.org\/fr\/wp-json\/wp\/v2\/initiatives?post=12304"},{"taxonomy":"programmes","embeddable":true,"href":"https:\/\/www.interpeace.org\/fr\/wp-json\/wp\/v2\/programmes?post=12304"}],"curies":[{"name":"wp","href":"https:\/\/api.w.org\/{rel}","templated":true}]}}

<p>La portée de ce projet est d’atteindre davantage de cohérence entre les actions humanitaires, de développement et de paix dans le pays. Le système onusien au Burkina Faso, au travers du Programme des Nations Unies pour le développement (PNUD), a mandaté Interpeace pour mener une étude qui identifie les capacités de ces acteurs pour opérationnaliser l’approche du nexus humanitaire-développement-paix. Le Burkina Faso est l’un des pays pilotes sur cette question.</p>

<!-- This site is optimized with the Yoast SEO Premium plugin v27.4 (Yoast SEO v27.4) - https://yoast.com/product/yoast-seo-premium-wordpress/ -->
<title>Mapping the peace nexus in Burkina Faso - Interpeace</title>
<meta name="robots" content="index, follow, max-snippet:-1, max-image-preview:large, max-video-preview:-1" />
<link rel="canonical" href="https://www.interpeace.org/fr/initiative/mapping-the-peace-nexus-in-burkina-faso/" />
<meta property="og:locale" content="fr_FR" />
<meta property="og:type" content="article" />
<meta property="og:title" content="Mapping the peace nexus in Burkina Faso" />
<meta property="og:description" content="The focus of this project is to achieve greater coherence between humanitarian, development and peace actions in the country. The United Nations system in Burkina Faso, through the United Nations Development Program (UNDP), mandated Interpeace to conduct a study that maps the capacities of these actors to operationalize the humanitarian-development-peace nexus approach. Burkina Faso is [&hellip;]" />
<meta property="og:url" content="https://www.interpeace.org/fr/initiative/mapping-the-peace-nexus-in-burkina-faso/" />
<meta property="og:site_name" content="Interpeace" />
<meta property="article:publisher" content="https://www.facebook.com/Interpeace" />
<meta property="article:modified_time" content="2022-08-24T20:19:52+00:00" />
<meta property="og:image" content="https://www.interpeace.org/wp-content/uploads/2022/06/Burkina-Faso-2-1-1280x500.jpg" />
	<meta property="og:image:width" content="2560" />
	<meta property="og:image:height" content="1707" />
	<meta property="og:image:type" content="image/jpeg" />
<meta name="twitter:card" content="summary_large_image" />
<meta name="twitter:site" content="@InterpeaceTweet" />
<meta name="twitter:label1" content="Durée de lecture estimée" />
	<meta name="twitter:data1" content="1 minute" />
<script type="application/ld+json" class="yoast-schema-graph">{"@context":"https:\/\/schema.org","@graph":[{"@type":"WebPage","@id":"https:\/\/www.interpeace.org\/initiative\/mapping-the-peace-nexus-in-burkina-faso\/","url":"https:\/\/www.interpeace.org\/initiative\/mapping-the-peace-nexus-in-burkina-faso\/","name":"Mapping the peace nexus in Burkina Faso - Interpeace","isPartOf":{"@id":"https:\/\/www.interpeace.org\/#website"},"primaryImageOfPage":{"@id":"https:\/\/www.interpeace.org\/initiative\/mapping-the-peace-nexus-in-burkina-faso\/#primaryimage"},"image":{"@id":"https:\/\/www.interpeace.org\/initiative\/mapping-the-peace-nexus-in-burkina-faso\/#primaryimage"},"thumbnailUrl":"https:\/\/www.interpeace.org\/wp-content\/uploads\/2022\/06\/Burkina-Faso-2-1-1280x500.jpg","datePublished":"2022-06-15T20:41:17+00:00","dateModified":"2022-08-24T20:19:52+00:00","breadcrumb":{"@id":"https:\/\/www.interpeace.org\/initiative\/mapping-the-peace-nexus-in-burkina-faso\/#breadcrumb"},"inLanguage":"fr-FR","potentialAction":[{"@type":"ReadAction","target":["https:\/\/www.interpeace.org\/initiative\/mapping-the-peace-nexus-in-burkina-faso\/"]}]},{"@type":"ImageObject","inLanguage":"fr-FR","@id":"https:\/\/www.interpeace.org\/initiative\/mapping-the-peace-nexus-in-burkina-faso\/#primaryimage","url":"https:\/\/www.interpeace.org\/wp-content\/uploads\/2022\/06\/Burkina-Faso-2-1-1280x500.jpg","contentUrl":"https:\/\/www.interpeace.org\/wp-content\/uploads\/2022\/06\/Burkina-Faso-2-1-1280x500.jpg","width":2560,"height":1707},{"@type":"BreadcrumbList","@id":"https:\/\/www.interpeace.org\/initiative\/mapping-the-peace-nexus-in-burkina-faso\/#breadcrumb","itemListElement":[{"@type":"ListItem","position":1,"name":"Home","item":"https:\/\/www.interpeace.org\/"},{"@type":"ListItem","position":2,"name":"Mapping the peace nexus in Burkina Faso"}]},{"@type":"WebSite","@id":"https:\/\/www.interpeace.org\/#website","url":"https:\/\/www.interpeace.org\/","name":"Interpeace","description":"Enabling people to build lasting peace since 1994","publisher":{"@id":"https:\/\/www.interpeace.org\/#organization"},"potentialAction":[{"@type":"SearchAction","target":{"@type":"EntryPoint","urlTemplate":"https:\/\/www.interpeace.org\/?s={search_term_string}"},"query-input":{"@type":"PropertyValueSpecification","valueRequired":true,"valueName":"search_term_string"}}],"inLanguage":"fr-FR"},{"@type":"Organization","@id":"https:\/\/www.interpeace.org\/#organization","name":"INTERPEACE","url":"https:\/\/www.interpeace.org\/","logo":{"@type":"ImageObject","inLanguage":"fr-FR","@id":"https:\/\/www.interpeace.org\/#\/schema\/logo\/image\/","url":"https:\/\/www.interpeace.org\/wp-content\/uploads\/2019\/11\/EN-Interpeace-small.png","contentUrl":"https:\/\/www.interpeace.org\/wp-content\/uploads\/2019\/11\/EN-Interpeace-small.png","width":111,"height":85,"caption":"INTERPEACE"},"image":{"@id":"https:\/\/www.interpeace.org\/#\/schema\/logo\/image\/"},"sameAs":["https:\/\/www.facebook.com\/Interpeace","https:\/\/x.com\/InterpeaceTweet","https:\/\/www.instagram.com\/interpeace\/"]}]}</script>
<!-- / Yoast SEO Premium plugin. -->
