{"id":12302,"date":"2022-06-15T22:35:58","date_gmt":"2022-06-15T20:35:58","guid":{"rendered":"https:\/\/www.interpeace.org\/?post_type=initiative&#038;p=12302"},"modified":"2022-06-15T22:35:58","modified_gmt":"2022-06-15T20:35:58","slug":"amplifying-the-voice-of-young-people-by-strengthening-their-capacities","status":"publish","type":"initiative","link":"https:\/\/www.interpeace.org\/fr\/initiative\/amplifying-the-voice-of-young-people-by-strengthening-their-capacities\/","title":{"rendered":"Etendre la voix des jeunes en renfor\u00e7ant leurs capacit\u00e9s"},"content":{"rendered":"<p>Le projet vise \u00e0 renforcer le role des jeunes au Burkina Faso, notamment les jeunes femmes, comme d\u00e9fenseurs pour la paix et la s\u00e9curit\u00e9, \u00e9tendant leur participation au travers du dialogue et du plaidoyer et comblant le d\u00e9calage entre les jeunes, les d\u00e9cideurs, les personnes \u00e2g\u00e9es et les autres acteurs politiques.<\/p>","protected":false},"featured_media":12303,"template":"","meta":{"_acf_changed":false,"_editorskit_title_hidden":false,"_editorskit_reading_time":0,"_editorskit_is_block_options_detached":false,"_editorskit_block_options_position":"{}","editor_plus_copied_stylings":"{}","_exactmetrics_skip_tracking":false,"_exactmetrics_sitenote_active":false,"_exactmetrics_sitenote_note":"","_exactmetrics_sitenote_category":0,"_links_to":"","_links_to_target":""},"initiatives":[],"programmes":[220,67],"class_list":["post-12302","initiative","type-initiative","status-publish","has-post-thumbnail","hentry","programmes-burkina-faso","programmes-west-africa"],"acf":[],"yoast_head":"<!-- This site is optimized with the Yoast SEO Premium plugin v27.4 (Yoast SEO v27.4) - https:\/\/yoast.com\/product\/yoast-seo-premium-wordpress\/ -->\n<title>Amplifying the voice of young people by strengthening their capacities - Interpeace<\/title>\n<meta name=\"robots\" content=\"index, follow, max-snippet:-1, max-image-preview:large, max-video-preview:-1\" \/>\n<link rel=\"canonical\" href=\"https:\/\/www.interpeace.org\/fr\/initiative\/amplifying-the-voice-of-young-people-by-strengthening-their-capacities\/\" \/>\n<meta property=\"og:locale\" content=\"fr_FR\" \/>\n<meta property=\"og:type\" content=\"article\" \/>\n<meta property=\"og:title\" content=\"Amplifying the voice of young people by strengthening their capacities\" \/>\n<meta property=\"og:description\" content=\"This project aims to strengthen the role of young people in Burkina Faso, especially young women, as advocates for peace and security, amplifying their participation through dialogue and advocacy, and bridging the gap between young people, decision-makers, elders and other political actors.\" \/>\n<meta property=\"og:url\" content=\"https:\/\/www.interpeace.org\/fr\/initiative\/amplifying-the-voice-of-young-people-by-strengthening-their-capacities\/\" \/>\n<meta property=\"og:site_name\" content=\"Interpeace\" \/>\n<meta property=\"article:publisher\" content=\"https:\/\/www.facebook.com\/Interpeace\" \/>\n<meta property=\"og:image\" content=\"https:\/\/www.interpeace.org\/wp-content\/uploads\/2022\/06\/Burkina-Faso-2-1280x500.jpg\" \/>\n\t<meta property=\"og:image:width\" content=\"2560\" \/>\n\t<meta property=\"og:image:height\" content=\"1707\" \/>\n\t<meta property=\"og:image:type\" content=\"image\/jpeg\" \/>\n<meta name=\"twitter:card\" content=\"summary_large_image\" \/>\n<meta name=\"twitter:site\" content=\"@InterpeaceTweet\" \/>\n<meta name=\"twitter:label1\" content=\"Dur\u00e9e de lecture estim\u00e9e\" \/>\n\t<meta name=\"twitter:data1\" content=\"1 minute\" \/>\n<script type=\"application\/ld+json\" class=\"yoast-schema-graph\">{\"@context\":\"https:\\\/\\\/schema.org\",\"@graph\":[{\"@type\":\"WebPage\",\"@id\":\"https:\\\/\\\/www.interpeace.org\\\/initiative\\\/amplifying-the-voice-of-young-people-by-strengthening-their-capacities\\\/\",\"url\":\"https:\\\/\\\/www.interpeace.org\\\/initiative\\\/amplifying-the-voice-of-young-people-by-strengthening-their-capacities\\\/\",\"name\":\"Amplifying the voice of young people by strengthening their capacities - Interpeace\",\"isPartOf\":{\"@id\":\"https:\\\/\\\/www.interpeace.org\\\/#website\"},\"primaryImageOfPage\":{\"@id\":\"https:\\\/\\\/www.interpeace.org\\\/initiative\\\/amplifying-the-voice-of-young-people-by-strengthening-their-capacities\\\/#primaryimage\"},\"image\":{\"@id\":\"https:\\\/\\\/www.interpeace.org\\\/initiative\\\/amplifying-the-voice-of-young-people-by-strengthening-their-capacities\\\/#primaryimage\"},\"thumbnailUrl\":\"https:\\\/\\\/www.interpeace.org\\\/wp-content\\\/uploads\\\/2022\\\/06\\\/Burkina-Faso-2-1280x500.jpg\",\"datePublished\":\"2022-06-15T20:35:58+00:00\",\"breadcrumb\":{\"@id\":\"https:\\\/\\\/www.interpeace.org\\\/initiative\\\/amplifying-the-voice-of-young-people-by-strengthening-their-capacities\\\/#breadcrumb\"},\"inLanguage\":\"fr-FR\",\"potentialAction\":[{\"@type\":\"ReadAction\",\"target\":[\"https:\\\/\\\/www.interpeace.org\\\/initiative\\\/amplifying-the-voice-of-young-people-by-strengthening-their-capacities\\\/\"]}]},{\"@type\":\"ImageObject\",\"inLanguage\":\"fr-FR\",\"@id\":\"https:\\\/\\\/www.interpeace.org\\\/initiative\\\/amplifying-the-voice-of-young-people-by-strengthening-their-capacities\\\/#primaryimage\",\"url\":\"https:\\\/\\\/www.interpeace.org\\\/wp-content\\\/uploads\\\/2022\\\/06\\\/Burkina-Faso-2-1280x500.jpg\",\"contentUrl\":\"https:\\\/\\\/www.interpeace.org\\\/wp-content\\\/uploads\\\/2022\\\/06\\\/Burkina-Faso-2-1280x500.jpg\",\"width\":2560,\"height\":1707},{\"@type\":\"BreadcrumbList\",\"@id\":\"https:\\\/\\\/www.interpeace.org\\\/initiative\\\/amplifying-the-voice-of-young-people-by-strengthening-their-capacities\\\/#breadcrumb\",\"itemListElement\":[{\"@type\":\"ListItem\",\"position\":1,\"name\":\"Home\",\"item\":\"https:\\\/\\\/www.interpeace.org\\\/\"},{\"@type\":\"ListItem\",\"position\":2,\"name\":\"Amplifying the voice of young people by strengthening their capacities\"}]},{\"@type\":\"WebSite\",\"@id\":\"https:\\\/\\\/www.interpeace.org\\\/#website\",\"url\":\"https:\\\/\\\/www.interpeace.org\\\/\",\"name\":\"Interpeace\",\"description\":\"Enabling people to build lasting peace since 1994\",\"publisher\":{\"@id\":\"https:\\\/\\\/www.interpeace.org\\\/#organization\"},\"potentialAction\":[{\"@type\":\"SearchAction\",\"target\":{\"@type\":\"EntryPoint\",\"urlTemplate\":\"https:\\\/\\\/www.interpeace.org\\\/?s={search_term_string}\"},\"query-input\":{\"@type\":\"PropertyValueSpecification\",\"valueRequired\":true,\"valueName\":\"search_term_string\"}}],\"inLanguage\":\"fr-FR\"},{\"@type\":\"Organization\",\"@id\":\"https:\\\/\\\/www.interpeace.org\\\/#organization\",\"name\":\"INTERPEACE\",\"url\":\"https:\\\/\\\/www.interpeace.org\\\/\",\"logo\":{\"@type\":\"ImageObject\",\"inLanguage\":\"fr-FR\",\"@id\":\"https:\\\/\\\/www.interpeace.org\\\/#\\\/schema\\\/logo\\\/image\\\/\",\"url\":\"https:\\\/\\\/www.interpeace.org\\\/wp-content\\\/uploads\\\/2019\\\/11\\\/EN-Interpeace-small.png\",\"contentUrl\":\"https:\\\/\\\/www.interpeace.org\\\/wp-content\\\/uploads\\\/2019\\\/11\\\/EN-Interpeace-small.png\",\"width\":111,\"height\":85,\"caption\":\"INTERPEACE\"},\"image\":{\"@id\":\"https:\\\/\\\/www.interpeace.org\\\/#\\\/schema\\\/logo\\\/image\\\/\"},\"sameAs\":[\"https:\\\/\\\/www.facebook.com\\\/Interpeace\",\"https:\\\/\\\/x.com\\\/InterpeaceTweet\",\"https:\\\/\\\/www.instagram.com\\\/interpeace\\\/\"]}]}<\/script>\n<!-- \/ Yoast SEO Premium plugin. -->","yoast_head_json":{"title":"Amplifying the voice of young people by strengthening their capacities - Interpeace","robots":{"index":"index","follow":"follow","max-snippet":"max-snippet:-1","max-image-preview":"max-image-preview:large","max-video-preview":"max-video-preview:-1"},"canonical":"https:\/\/www.interpeace.org\/fr\/initiative\/amplifying-the-voice-of-young-people-by-strengthening-their-capacities\/","og_locale":"fr_FR","og_type":"article","og_title":"Amplifying the voice of young people by strengthening their capacities","og_description":"This project aims to strengthen the role of young people in Burkina Faso, especially young women, as advocates for peace and security, amplifying their participation through dialogue and advocacy, and bridging the gap between young people, decision-makers, elders and other political actors.","og_url":"https:\/\/www.interpeace.org\/fr\/initiative\/amplifying-the-voice-of-young-people-by-strengthening-their-capacities\/","og_site_name":"Interpeace","article_publisher":"https:\/\/www.facebook.com\/Interpeace","og_image":[{"width":2560,"height":1707,"url":"https:\/\/www.interpeace.org\/wp-content\/uploads\/2022\/06\/Burkina-Faso-2-1280x500.jpg","type":"image\/jpeg"}],"twitter_card":"summary_large_image","twitter_site":"@InterpeaceTweet","twitter_misc":{"Dur\u00e9e de lecture estim\u00e9e":"1 minute"},"schema":{"@context":"https:\/\/schema.org","@graph":[{"@type":"WebPage","@id":"https:\/\/www.interpeace.org\/initiative\/amplifying-the-voice-of-young-people-by-strengthening-their-capacities\/","url":"https:\/\/www.interpeace.org\/initiative\/amplifying-the-voice-of-young-people-by-strengthening-their-capacities\/","name":"Amplifying the voice of young people by strengthening their capacities - Interpeace","isPartOf":{"@id":"https:\/\/www.interpeace.org\/#website"},"primaryImageOfPage":{"@id":"https:\/\/www.interpeace.org\/initiative\/amplifying-the-voice-of-young-people-by-strengthening-their-capacities\/#primaryimage"},"image":{"@id":"https:\/\/www.interpeace.org\/initiative\/amplifying-the-voice-of-young-people-by-strengthening-their-capacities\/#primaryimage"},"thumbnailUrl":"https:\/\/www.interpeace.org\/wp-content\/uploads\/2022\/06\/Burkina-Faso-2-1280x500.jpg","datePublished":"2022-06-15T20:35:58+00:00","breadcrumb":{"@id":"https:\/\/www.interpeace.org\/initiative\/amplifying-the-voice-of-young-people-by-strengthening-their-capacities\/#breadcrumb"},"inLanguage":"fr-FR","potentialAction":[{"@type":"ReadAction","target":["https:\/\/www.interpeace.org\/initiative\/amplifying-the-voice-of-young-people-by-strengthening-their-capacities\/"]}]},{"@type":"ImageObject","inLanguage":"fr-FR","@id":"https:\/\/www.interpeace.org\/initiative\/amplifying-the-voice-of-young-people-by-strengthening-their-capacities\/#primaryimage","url":"https:\/\/www.interpeace.org\/wp-content\/uploads\/2022\/06\/Burkina-Faso-2-1280x500.jpg","contentUrl":"https:\/\/www.interpeace.org\/wp-content\/uploads\/2022\/06\/Burkina-Faso-2-1280x500.jpg","width":2560,"height":1707},{"@type":"BreadcrumbList","@id":"https:\/\/www.interpeace.org\/initiative\/amplifying-the-voice-of-young-people-by-strengthening-their-capacities\/#breadcrumb","itemListElement":[{"@type":"ListItem","position":1,"name":"Home","item":"https:\/\/www.interpeace.org\/"},{"@type":"ListItem","position":2,"name":"Amplifying the voice of young people by strengthening their capacities"}]},{"@type":"WebSite","@id":"https:\/\/www.interpeace.org\/#website","url":"https:\/\/www.interpeace.org\/","name":"Interpeace","description":"Permettre aux gens de construire une paix durable depuis 1994","publisher":{"@id":"https:\/\/www.interpeace.org\/#organization"},"potentialAction":[{"@type":"SearchAction","target":{"@type":"EntryPoint","urlTemplate":"https:\/\/www.interpeace.org\/?s={search_term_string}"},"query-input":{"@type":"PropertyValueSpecification","valueRequired":true,"valueName":"search_term_string"}}],"inLanguage":"fr-FR"},{"@type":"Organization","@id":"https:\/\/www.interpeace.org\/#organization","name":"INTERPEACE","url":"https:\/\/www.interpeace.org\/","logo":{"@type":"ImageObject","inLanguage":"fr-FR","@id":"https:\/\/www.interpeace.org\/#\/schema\/logo\/image\/","url":"https:\/\/www.interpeace.org\/wp-content\/uploads\/2019\/11\/EN-Interpeace-small.png","contentUrl":"https:\/\/www.interpeace.org\/wp-content\/uploads\/2019\/11\/EN-Interpeace-small.png","width":111,"height":85,"caption":"INTERPEACE"},"image":{"@id":"https:\/\/www.interpeace.org\/#\/schema\/logo\/image\/"},"sameAs":["https:\/\/www.facebook.com\/Interpeace","https:\/\/x.com\/InterpeaceTweet","https:\/\/www.instagram.com\/interpeace\/"]}]}},"_links":{"self":[{"href":"https:\/\/www.interpeace.org\/fr\/wp-json\/wp\/v2\/initiative\/12302","targetHints":{"allow":["GET"]}}],"collection":[{"href":"https:\/\/www.interpeace.org\/fr\/wp-json\/wp\/v2\/initiative"}],"about":[{"href":"https:\/\/www.interpeace.org\/fr\/wp-json\/wp\/v2\/types\/initiative"}],"wp:featuredmedia":[{"embeddable":true,"href":"https:\/\/www.interpeace.org\/fr\/wp-json\/wp\/v2\/media\/12303"}],"wp:attachment":[{"href":"https:\/\/www.interpeace.org\/fr\/wp-json\/wp\/v2\/media?parent=12302"}],"wp:term":[{"taxonomy":"initiatives","embeddable":true,"href":"https:\/\/www.interpeace.org\/fr\/wp-json\/wp\/v2\/initiatives?post=12302"},{"taxonomy":"programmes","embeddable":true,"href":"https:\/\/www.interpeace.org\/fr\/wp-json\/wp\/v2\/programmes?post=12302"}],"curies":[{"name":"wp","href":"https:\/\/api.w.org\/{rel}","templated":true}]}}

Etendre la voix des jeunes en renforçant leurs capacités

<p>Le projet vise à renforcer le role des jeunes au Burkina Faso, notamment les jeunes femmes, comme défenseurs pour la paix et la sécurité, étendant leur participation au travers du dialogue et du plaidoyer et comblant le décalage entre les jeunes, les décideurs, les personnes âgées et les autres acteurs politiques.</p>

<!-- This site is optimized with the Yoast SEO Premium plugin v27.4 (Yoast SEO v27.4) - https://yoast.com/product/yoast-seo-premium-wordpress/ -->
<title>Amplifying the voice of young people by strengthening their capacities - Interpeace</title>
<meta name="robots" content="index, follow, max-snippet:-1, max-image-preview:large, max-video-preview:-1" />
<link rel="canonical" href="https://www.interpeace.org/fr/initiative/amplifying-the-voice-of-young-people-by-strengthening-their-capacities/" />
<meta property="og:locale" content="fr_FR" />
<meta property="og:type" content="article" />
<meta property="og:title" content="Amplifying the voice of young people by strengthening their capacities" />
<meta property="og:description" content="This project aims to strengthen the role of young people in Burkina Faso, especially young women, as advocates for peace and security, amplifying their participation through dialogue and advocacy, and bridging the gap between young people, decision-makers, elders and other political actors." />
<meta property="og:url" content="https://www.interpeace.org/fr/initiative/amplifying-the-voice-of-young-people-by-strengthening-their-capacities/" />
<meta property="og:site_name" content="Interpeace" />
<meta property="article:publisher" content="https://www.facebook.com/Interpeace" />
<meta property="og:image" content="https://www.interpeace.org/wp-content/uploads/2022/06/Burkina-Faso-2-1280x500.jpg" />
	<meta property="og:image:width" content="2560" />
	<meta property="og:image:height" content="1707" />
	<meta property="og:image:type" content="image/jpeg" />
<meta name="twitter:card" content="summary_large_image" />
<meta name="twitter:site" content="@InterpeaceTweet" />
<meta name="twitter:label1" content="Durée de lecture estimée" />
	<meta name="twitter:data1" content="1 minute" />
<script type="application/ld+json" class="yoast-schema-graph">{"@context":"https:\/\/schema.org","@graph":[{"@type":"WebPage","@id":"https:\/\/www.interpeace.org\/initiative\/amplifying-the-voice-of-young-people-by-strengthening-their-capacities\/","url":"https:\/\/www.interpeace.org\/initiative\/amplifying-the-voice-of-young-people-by-strengthening-their-capacities\/","name":"Amplifying the voice of young people by strengthening their capacities - Interpeace","isPartOf":{"@id":"https:\/\/www.interpeace.org\/#website"},"primaryImageOfPage":{"@id":"https:\/\/www.interpeace.org\/initiative\/amplifying-the-voice-of-young-people-by-strengthening-their-capacities\/#primaryimage"},"image":{"@id":"https:\/\/www.interpeace.org\/initiative\/amplifying-the-voice-of-young-people-by-strengthening-their-capacities\/#primaryimage"},"thumbnailUrl":"https:\/\/www.interpeace.org\/wp-content\/uploads\/2022\/06\/Burkina-Faso-2-1280x500.jpg","datePublished":"2022-06-15T20:35:58+00:00","breadcrumb":{"@id":"https:\/\/www.interpeace.org\/initiative\/amplifying-the-voice-of-young-people-by-strengthening-their-capacities\/#breadcrumb"},"inLanguage":"fr-FR","potentialAction":[{"@type":"ReadAction","target":["https:\/\/www.interpeace.org\/initiative\/amplifying-the-voice-of-young-people-by-strengthening-their-capacities\/"]}]},{"@type":"ImageObject","inLanguage":"fr-FR","@id":"https:\/\/www.interpeace.org\/initiative\/amplifying-the-voice-of-young-people-by-strengthening-their-capacities\/#primaryimage","url":"https:\/\/www.interpeace.org\/wp-content\/uploads\/2022\/06\/Burkina-Faso-2-1280x500.jpg","contentUrl":"https:\/\/www.interpeace.org\/wp-content\/uploads\/2022\/06\/Burkina-Faso-2-1280x500.jpg","width":2560,"height":1707},{"@type":"BreadcrumbList","@id":"https:\/\/www.interpeace.org\/initiative\/amplifying-the-voice-of-young-people-by-strengthening-their-capacities\/#breadcrumb","itemListElement":[{"@type":"ListItem","position":1,"name":"Home","item":"https:\/\/www.interpeace.org\/"},{"@type":"ListItem","position":2,"name":"Amplifying the voice of young people by strengthening their capacities"}]},{"@type":"WebSite","@id":"https:\/\/www.interpeace.org\/#website","url":"https:\/\/www.interpeace.org\/","name":"Interpeace","description":"Enabling people to build lasting peace since 1994","publisher":{"@id":"https:\/\/www.interpeace.org\/#organization"},"potentialAction":[{"@type":"SearchAction","target":{"@type":"EntryPoint","urlTemplate":"https:\/\/www.interpeace.org\/?s={search_term_string}"},"query-input":{"@type":"PropertyValueSpecification","valueRequired":true,"valueName":"search_term_string"}}],"inLanguage":"fr-FR"},{"@type":"Organization","@id":"https:\/\/www.interpeace.org\/#organization","name":"INTERPEACE","url":"https:\/\/www.interpeace.org\/","logo":{"@type":"ImageObject","inLanguage":"fr-FR","@id":"https:\/\/www.interpeace.org\/#\/schema\/logo\/image\/","url":"https:\/\/www.interpeace.org\/wp-content\/uploads\/2019\/11\/EN-Interpeace-small.png","contentUrl":"https:\/\/www.interpeace.org\/wp-content\/uploads\/2019\/11\/EN-Interpeace-small.png","width":111,"height":85,"caption":"INTERPEACE"},"image":{"@id":"https:\/\/www.interpeace.org\/#\/schema\/logo\/image\/"},"sameAs":["https:\/\/www.facebook.com\/Interpeace","https:\/\/x.com\/InterpeaceTweet","https:\/\/www.instagram.com\/interpeace\/"]}]}</script>
<!-- / Yoast SEO Premium plugin. -->
